Last updated on 2023-12-04 05:09:13 CET.
Flavor | Version | Tinstall | Tcheck | Ttotal | Status | Flags |
---|---|---|---|---|---|---|
r-devel-linux-x86_64-debian-clang | 3.1 | 7.86 | 136.85 | 144.71 | NOTE | |
r-devel-linux-x86_64-debian-gcc | 3.1 | 7.32 | 107.52 | 114.84 | NOTE | |
r-devel-linux-x86_64-fedora-clang | 3.1 | 180.70 | NOTE | |||
r-devel-linux-x86_64-fedora-gcc | 3.1 | 191.81 | NOTE | |||
r-devel-windows-x86_64 | 3.1 | 9.00 | 128.00 | 137.00 | NOTE | |
r-patched-linux-x86_64 | 3.1 | 9.93 | 136.84 | 146.77 | NOTE | |
r-release-linux-x86_64 | 3.1 | 8.95 | 135.83 | 144.78 | NOTE | |
r-release-macos-arm64 | 3.1 | 68.00 | NOTE | |||
r-release-macos-x86_64 | 3.1 | 114.00 | NOTE | |||
r-release-windows-x86_64 | 3.1 | 11.00 | 155.00 | 166.00 | NOTE | |
r-oldrel-macos-arm64 | 3.1 | 56.00 | NOTE | |||
r-oldrel-macos-x86_64 | 3.1 | 79.00 | NOTE | |||
r-oldrel-windows-x86_64 | 3.1 | 12.00 | 155.00 | 167.00 | NOTE |
Version: 3.1
Check: Rd files
Result: NOTE
checkRd: (-1) aenet.Rd:64: Lost braces; missing escapes or markup?
64 | default is {FALSE}. To enable parallel tuning, load the
| ^
checkRd: (-1) amnet.Rd:59: Lost braces; missing escapes or markup?
59 | default is {FALSE}. To enable parallel tuning, load the
| ^
checkRd: (-1) asnet.Rd:59: Lost braces; missing escapes or markup?
59 | default is {FALSE}. To enable parallel tuning, load the
| ^
checkRd: (-1) msaenet.Rd:80: Lost braces; missing escapes or markup?
80 | default is {FALSE}. To enable parallel tuning, load the
| ^
checkRd: (-1) msamnet.Rd:74: Lost braces; missing escapes or markup?
74 | default is {FALSE}. To enable parallel tuning, load the
| ^
checkRd: (-1) msasnet.Rd:74: Lost braces; missing escapes or markup?
74 | default is {FALSE}. To enable parallel tuning, load the
| ^
Flavors: r-devel-linux-x86_64-debian-clang, r-devel-linux-x86_64-debian-gcc
Version: 3.1
Check: LazyData
Result: NOTE
'LazyData' is specified without a 'data' directory
Flavors: r-devel-linux-x86_64-debian-clang, r-devel-linux-x86_64-debian-gcc, r-devel-linux-x86_64-fedora-clang, r-devel-linux-x86_64-fedora-gcc, r-devel-windows-x86_64, r-patched-linux-x86_64, r-release-linux-x86_64, r-release-macos-arm64, r-release-macos-x86_64, r-release-windows-x86_64, r-oldrel-macos-arm64, r-oldrel-macos-x86_64, r-oldrel-windows-x86_64