Last updated on 2023-12-02 04:52:21 CET.
Flavor | Version | Tinstall | Tcheck | Ttotal | Status | Flags |
---|---|---|---|---|---|---|
r-devel-linux-x86_64-debian-clang | 0.6.0 | 4.40 | 47.31 | 51.71 | OK | |
r-devel-linux-x86_64-debian-gcc | 0.6.0 | 3.55 | 36.21 | 39.76 | OK | |
r-devel-linux-x86_64-fedora-clang | 0.6.0 | 64.63 | OK | |||
r-devel-linux-x86_64-fedora-gcc | 0.6.0 | 72.17 | OK | |||
r-devel-windows-x86_64 | 0.6.0 | 6.00 | 59.00 | 65.00 | OK | |
r-patched-linux-x86_64 | 0.6.0 | 2.89 | 45.79 | 48.68 | OK | |
r-release-linux-x86_64 | 0.6.0 | 2.57 | 45.78 | 48.35 | OK | |
r-release-macos-arm64 | 0.6.0 | 32.00 | OK | |||
r-release-macos-x86_64 | 0.6.0 | 42.00 | OK | |||
r-release-windows-x86_64 | 0.6.0 | 7.00 | 63.00 | 70.00 | OK | |
r-oldrel-macos-arm64 | 0.6.0 | 26.00 | NOTE | |||
r-oldrel-macos-x86_64 | 0.6.0 | 33.00 | OK | |||
r-oldrel-windows-x86_64 | 0.6.0 | 7.00 | 70.00 | 77.00 | OK |
Version: 0.6.0
Check: package dependencies
Result: NOTE
Package suggested but not available for checking: ‘Biostrings’
Flavor: r-oldrel-macos-arm64
Version: 0.6.0
Check: Rd cross-references
Result: NOTE
Package unavailable to check Rd xrefs: ‘Biostrings’
Flavor: r-oldrel-macos-arm64