CRAN Package Check Results for Package mrregression

Last updated on 2024-02-26 04:49:33 CET.

Flavor Version Tinstall Tcheck Ttotal Status Flags
r-devel-linux-x86_64-debian-clang 1.0.0 3.29 35.79 39.08 OK
r-devel-linux-x86_64-debian-gcc 1.0.0 2.58 27.99 30.57 OK
r-devel-linux-x86_64-fedora-clang 1.0.0 48.59 NOTE
r-devel-linux-x86_64-fedora-gcc 1.0.0 49.67 OK
r-devel-windows-x86_64 1.0.0 4.00 47.00 51.00 OK
r-patched-linux-x86_64 1.0.0 3.38 35.16 38.54 OK
r-release-linux-x86_64 1.0.0 2.71 35.57 38.28 OK
r-release-macos-arm64 1.0.0 19.00 OK
r-release-macos-x86_64 1.0.0 27.00 OK
r-release-windows-x86_64 1.0.0 3.00 57.00 60.00 OK
r-oldrel-macos-arm64 1.0.0 21.00 OK
r-oldrel-windows-x86_64 1.0.0 5.00 56.00 61.00 OK

Check Details

Version: 1.0.0
Check: Rd cross-references
Result: NOTE Undeclared package ‘speedglm’ in Rd xrefs Flavor: r-devel-linux-x86_64-fedora-clang