CRAN Package Check Results for Package mplot

Last updated on 2024-06-13 05:59:12 CEST.

Flavor Version Tinstall Tcheck Ttotal Status Flags
r-devel-linux-x86_64-debian-clang 1.0.6 8.48 80.36 88.84 NOTE
r-devel-linux-x86_64-debian-gcc 1.0.6 0.36 1.73 2.09 ERROR
r-devel-linux-x86_64-fedora-clang 1.0.6 110.44 NOTE
r-devel-linux-x86_64-fedora-gcc 1.0.6 102.80 NOTE
r-devel-windows-x86_64 1.0.6 8.00 83.00 91.00 NOTE
r-patched-linux-x86_64 1.0.6 8.28 54.14 62.42 NOTE
r-release-linux-x86_64 1.0.6 5.74 76.51 82.25 NOTE
r-release-macos-arm64 1.0.6 44.00 NOTE
r-release-macos-x86_64 1.0.6 55.00 NOTE
r-release-windows-x86_64 1.0.6 10.00 84.00 94.00 NOTE
r-oldrel-macos-arm64 1.0.6 39.00 OK
r-oldrel-macos-x86_64 1.0.6 55.00 NOTE
r-oldrel-windows-x86_64 1.0.6 11.00 101.00 112.00 OK

Check Details

Version: 1.0.6
Check: Rd files
Result: NOTE checkRd: (-1) glmfence.Rd:21: Lost braces; missing escapes or markup? 21 | is performed where the boundary is cstar*hat(sigma)_{M,tildeM}.} | ^ checkRd: (-1) lmfence.Rd:21: Lost braces; missing escapes or markup? 21 | is performed where the boundary is cstar*hat(sigma)_{M,tildeM}.} | ^ Flavors: r-devel-linux-x86_64-debian-clang, r-devel-linux-x86_64-fedora-clang, r-devel-linux-x86_64-fedora-gcc, r-devel-windows-x86_64, r-patched-linux-x86_64, r-release-linux-x86_64, r-release-macos-arm64, r-release-macos-x86_64, r-release-windows-x86_64

Version: 1.0.6
Check: package dependencies
Result: ERROR Packages required but not available: 'ggplot2', 'reshape2', 'dplyr', 'tidyr' See section ‘The DESCRIPTION file’ in the ‘Writing R Extensions’ manual. Flavor: r-devel-linux-x86_64-debian-gcc

Version: 1.0.6
Check: package dependencies
Result: NOTE Packages suggested but not available for checking: 'mvoutlier', 'glmulti' Flavor: r-oldrel-macos-x86_64