Last updated on 2023-12-07 04:56:29 CET.
Flavor | Version | Tinstall | Tcheck | Ttotal | Status | Flags |
---|---|---|---|---|---|---|
r-devel-linux-x86_64-debian-clang | 1.0.6 | 7.40 | 79.18 | 86.58 | NOTE | |
r-devel-linux-x86_64-debian-gcc | 1.0.6 | 7.46 | 60.53 | 67.99 | NOTE | |
r-devel-linux-x86_64-fedora-clang | 1.0.6 | 108.85 | OK | |||
r-devel-linux-x86_64-fedora-gcc | 1.0.6 | 104.06 | OK | |||
r-devel-windows-x86_64 | 1.0.6 | 9.00 | 88.00 | 97.00 | OK | |
r-patched-linux-x86_64 | 1.0.6 | 5.72 | 74.77 | 80.49 | OK | |
r-release-linux-x86_64 | 1.0.6 | 5.50 | 76.09 | 81.59 | OK | |
r-release-macos-arm64 | 1.0.6 | 39.00 | OK | |||
r-release-macos-x86_64 | 1.0.6 | 55.00 | NOTE | |||
r-release-windows-x86_64 | 1.0.6 | 12.00 | 99.00 | 111.00 | OK | |
r-oldrel-macos-arm64 | 1.0.6 | 37.00 | OK | |||
r-oldrel-macos-x86_64 | 1.0.6 | 59.00 | NOTE | |||
r-oldrel-windows-x86_64 | 1.0.6 | 13.00 | 110.00 | 123.00 | OK |
Version: 1.0.6
Check: Rd files
Result: NOTE
checkRd: (-1) glmfence.Rd:21: Lost braces; missing escapes or markup?
21 | is performed where the boundary is cstar*hat(sigma)_{M,tildeM}.}
| ^
checkRd: (-1) lmfence.Rd:21: Lost braces; missing escapes or markup?
21 | is performed where the boundary is cstar*hat(sigma)_{M,tildeM}.}
| ^
Flavors: r-devel-linux-x86_64-debian-clang, r-devel-linux-x86_64-debian-gcc
Version: 1.0.6
Check: package dependencies
Result: NOTE
Packages suggested but not available for checking: 'mvoutlier', 'glmulti'
Flavor: r-release-macos-x86_64
Version: 1.0.6
Check: package dependencies
Result: NOTE
Package suggested but not available for checking: ‘glmulti’
Flavor: r-oldrel-macos-x86_64