Last updated on 2023-11-29 04:57:28 CET.
Flavor | Version | Tinstall | Tcheck | Ttotal | Status | Flags |
---|---|---|---|---|---|---|
r-devel-linux-x86_64-debian-clang | 4.2.4 | 62.94 | 534.10 | 597.04 | NOTE | |
r-devel-linux-x86_64-debian-gcc | 4.2.4 | 54.39 | 403.43 | 457.82 | NOTE | |
r-devel-linux-x86_64-fedora-clang | 4.2.4 | 761.01 | OK | |||
r-devel-linux-x86_64-fedora-gcc | 4.2.4 | 758.43 | OK | |||
r-devel-windows-x86_64 | 4.2.4 | 51.00 | 413.00 | 464.00 | OK | |
r-patched-linux-x86_64 | 4.2.4 | 71.88 | 522.20 | 594.08 | OK | |
r-release-linux-x86_64 | 4.2.4 | 66.06 | 502.03 | 568.09 | OK | |
r-release-macos-arm64 | 4.2.4 | 168.00 | NOTE | |||
r-release-macos-x86_64 | 4.2.4 | 463.00 | NOTE | |||
r-release-windows-x86_64 | 4.2.4 | 76.00 | 571.00 | 647.00 | OK | |
r-oldrel-macos-arm64 | 4.2.4 | 165.00 | NOTE | |||
r-oldrel-macos-x86_64 | 4.2.4 | 240.00 | OK | |||
r-oldrel-windows-x86_64 | 4.2.4 | 78.00 | 542.00 | 620.00 | OK |
Version: 4.2.4
Check: Rd files
Result: NOTE
checkRd: (-1) brownian.motion.variance.dyn.Rd:39: Lost braces
39 | \link{brownian.bridge.dyn}, link{dynBGBvariance}
| ^
Flavors: r-devel-linux-x86_64-debian-clang, r-devel-linux-x86_64-debian-gcc
Version: 4.2.4
Check: installed package size
Result: NOTE
installed size is 5.4Mb
sub-directories of 1Mb or more:
R 2.0Mb
Flavors: r-release-macos-arm64, r-release-macos-x86_64, r-oldrel-macos-arm64
Version: 4.2.4
Check: package dependencies
Result: NOTE
Packages suggested but not available for checking: 'ctmm', 'amt'
Flavor: r-release-macos-x86_64
Version: 4.2.4
Check: Rd cross-references
Result: NOTE
Packages unavailable to check Rd xrefs: ‘ctmm’, ‘amt’
Flavor: r-release-macos-x86_64