Last updated on 2023-12-03 04:56:13 CET.
Flavor | Version | Tinstall | Tcheck | Ttotal | Status | Flags |
---|---|---|---|---|---|---|
r-devel-linux-x86_64-debian-clang | 1.0.0 | 7.36 | 106.14 | 113.50 | OK | |
r-devel-linux-x86_64-debian-gcc | 1.0.0 | 6.38 | 82.74 | 89.12 | OK | |
r-devel-linux-x86_64-fedora-clang | 1.0.0 | 147.66 | NOTE | |||
r-devel-linux-x86_64-fedora-gcc | 1.0.0 | 158.88 | OK | |||
r-devel-windows-x86_64 | 1.0.0 | 8.00 | 134.00 | 142.00 | OK | |
r-patched-linux-x86_64 | 1.0.0 | 5.69 | 104.91 | 110.60 | OK | |
r-release-linux-x86_64 | 1.0.0 | 5.00 | 105.66 | 110.66 | OK | |
r-release-macos-arm64 | 1.0.0 | 55.00 | OK | |||
r-release-macos-x86_64 | 1.0.0 | 73.00 | NOTE | |||
r-release-windows-x86_64 | 1.0.0 | 10.00 | 137.00 | 147.00 | OK | |
r-oldrel-macos-arm64 | 1.0.0 | 40.00 | OK | |||
r-oldrel-macos-x86_64 | 1.0.0 | 73.00 | OK | |||
r-oldrel-windows-x86_64 | 1.0.0 | 11.00 | 138.00 | 149.00 | OK |
Version: 1.0.0
Check: Rd cross-references
Result: NOTE
Undeclared package ‘graphlayouts’ in Rd xrefs
Flavor: r-devel-linux-x86_64-fedora-clang
Version: 1.0.0
Check: package dependencies
Result: NOTE
Package suggested but not available for checking: ‘ergm’
Flavor: r-release-macos-x86_64