CRAN Package Check Results for Package motifr

Last updated on 2024-06-24 05:48:20 CEST.

Flavor Version Tinstall Tcheck Ttotal Status Flags
r-devel-linux-x86_64-debian-clang 1.0.0 8.09 112.97 121.06 OK
r-devel-linux-x86_64-debian-gcc 1.0.0 5.64 81.30 86.94 OK
r-devel-linux-x86_64-fedora-clang 1.0.0 152.30 NOTE
r-devel-linux-x86_64-fedora-gcc 1.0.0 158.42 OK
r-devel-windows-x86_64 1.0.0 8.00 129.00 137.00 OK
r-patched-linux-x86_64 1.0.0 5.46 104.38 109.84 OK
r-release-linux-x86_64 1.0.0 5.19 106.99 112.18 OK
r-release-macos-arm64 1.0.0 51.00 OK
r-release-macos-x86_64 1.0.0 70.00 OK
r-release-windows-x86_64 1.0.0 8.00 136.00 144.00 OK
r-oldrel-macos-arm64 1.0.0 55.00 OK
r-oldrel-macos-x86_64 1.0.0 73.00 NOTE
r-oldrel-windows-x86_64 1.0.0 10.00 144.00 154.00 OK

Check Details

Version: 1.0.0
Check: Rd cross-references
Result: NOTE Undeclared package ‘graphlayouts’ in Rd xrefs Flavor: r-devel-linux-x86_64-fedora-clang

Version: 1.0.0
Check: package dependencies
Result: NOTE Package suggested but not available for checking: ‘ergm’ Flavor: r-oldrel-macos-x86_64