CRAN Package Check Results for Package mosqcontrol

Last updated on 2024-02-24 04:58:48 CET.

Flavor Version Tinstall Tcheck Ttotal Status Flags
r-devel-linux-x86_64-debian-clang 0.1.0 4.20 40.30 44.50 NOTE
r-devel-linux-x86_64-debian-gcc 0.1.0 3.59 30.45 34.04 NOTE
r-devel-linux-x86_64-fedora-clang 0.1.0 55.97 NOTE
r-devel-linux-x86_64-fedora-gcc 0.1.0 65.96 NOTE
r-devel-windows-x86_64 0.1.0 5.00 51.00 56.00 NOTE
r-patched-linux-x86_64 0.1.0 3.77 38.99 42.76 NOTE
r-release-linux-x86_64 0.1.0 3.26 38.93 42.19 NOTE
r-release-macos-arm64 0.1.0 29.00 NOTE
r-release-macos-x86_64 0.1.0 37.00 NOTE
r-release-windows-x86_64 0.1.0 8.00 55.00 63.00 NOTE
r-oldrel-macos-arm64 0.1.0 23.00 NOTE
r-oldrel-windows-x86_64 0.1.0 7.00 59.00 66.00 NOTE

Check Details

Version: 0.1.0
Check: LazyData
Result: NOTE 'LazyData' is specified without a 'data' directory Flavors: r-devel-linux-x86_64-debian-clang, r-devel-linux-x86_64-debian-gcc, r-devel-linux-x86_64-fedora-clang, r-devel-linux-x86_64-fedora-gcc, r-devel-windows-x86_64, r-patched-linux-x86_64, r-release-linux-x86_64, r-release-macos-arm64, r-release-macos-x86_64, r-release-windows-x86_64, r-oldrel-macos-arm64, r-oldrel-windows-x86_64

Version: 0.1.0
Check: dependencies in R code
Result: NOTE Namespace in Imports field not imported from: ‘NlcOptim’ All declared Imports should be used. Flavors: r-devel-linux-x86_64-fedora-clang, r-devel-linux-x86_64-fedora-gcc, r-oldrel-macos-arm64