Last updated on 2023-12-07 04:56:29 CET.
Flavor | Version | Tinstall | Tcheck | Ttotal | Status | Flags |
---|---|---|---|---|---|---|
r-devel-linux-x86_64-debian-clang | 0.6.0 | 17.14 | 217.68 | 234.82 | NOTE | |
r-devel-linux-x86_64-debian-gcc | 0.6.0 | 15.36 | 162.83 | 178.19 | NOTE | |
r-devel-linux-x86_64-fedora-clang | 0.6.0 | 291.40 | NOTE | |||
r-devel-linux-x86_64-fedora-gcc | 0.6.0 | 287.66 | NOTE | |||
r-devel-windows-x86_64 | 0.6.0 | 19.00 | 180.00 | 199.00 | OK | |
r-patched-linux-x86_64 | 0.6.0 | 21.93 | 205.58 | 227.51 | OK | |
r-release-linux-x86_64 | 0.6.0 | 14.27 | 203.92 | 218.19 | OK | |
r-release-macos-arm64 | 0.6.0 | 96.00 | OK | |||
r-release-macos-x86_64 | 0.6.0 | 138.00 | OK | |||
r-release-windows-x86_64 | 0.6.0 | 25.00 | 225.00 | 250.00 | OK | |
r-oldrel-macos-arm64 | 0.6.0 | 63.00 | NOTE | |||
r-oldrel-macos-x86_64 | 0.6.0 | 114.00 | NOTE | |||
r-oldrel-windows-x86_64 | 0.6.0 | 26.00 | 223.00 | 249.00 | OK |
Version: 0.6.0
Check: Rd files
Result: NOTE
checkRd: (-1) CPUs.Rd:10: Lost braces in \itemize; meant \describe ?
checkRd: (-1) CPUs.Rd:11: Lost braces in \itemize; meant \describe ?
checkRd: (-1) CPUs.Rd:12: Lost braces in \itemize; meant \describe ?
checkRd: (-1) CPUs.Rd:13: Lost braces in \itemize; meant \describe ?
checkRd: (-1) CPUs.Rd:14: Lost braces in \itemize; meant \describe ?
checkRd: (-1) CPUs.Rd:15: Lost braces in \itemize; meant \describe ?
checkRd: (-1) CPUs.Rd:16: Lost braces in \itemize; meant \describe ?
checkRd: (-1) Calculus.Rd:19: Lost braces; missing escapes or markup?
19 | will be differentiated as if the formula {f(x) ~ x} were specified
| ^
checkRd: (-1) Chirps.Rd:10: Lost braces in \itemize; meant \describe ?
checkRd: (-1) Chirps.Rd:11: Lost braces in \itemize; meant \describe ?
checkRd: (-1) Chirps.Rd:12: Lost braces in \itemize; meant \describe ?
checkRd: (-1) Chirps.Rd:13: Lost braces in \itemize; meant \describe ?
checkRd: (-1) Effective_oxygen.Rd:10: Lost braces in \itemize; meant \describe ?
checkRd: (-1) Effective_oxygen.Rd:11: Lost braces in \itemize; meant \describe ?
checkRd: (-1) Engines.Rd:10: Lost braces in \itemize; meant \describe ?
checkRd: (-1) Engines.Rd:11: Lost braces in \itemize; meant \describe ?
checkRd: (-1) Engines.Rd:12: Lost braces in \itemize; meant \describe ?
checkRd: (-1) Engines.Rd:13: Lost braces in \itemize; meant \describe ?
checkRd: (-1) Engines.Rd:14: Lost braces in \itemize; meant \describe ?
checkRd: (-1) Engines.Rd:15: Lost braces in \itemize; meant \describe ?
checkRd: (-1) Engines.Rd:16: Lost braces in \itemize; meant \describe ?
checkRd: (-1) Engines.Rd:17: Lost braces in \itemize; meant \describe ?
checkRd: (-1) Planet_solar.Rd:10: Lost braces in \itemize; meant \describe ?
checkRd: (-1) Planet_solar.Rd:11: Lost braces in \itemize; meant \describe ?
checkRd: (-1) Planet_solar.Rd:12: Lost braces in \itemize; meant \describe ?
checkRd: (-1) Planets.Rd:11: Lost braces; missing escapes or markup?
11 | \item \code{mass} in $10^{24}$ kg
| ^
checkRd: (-1) UK_GDP.Rd:10: Lost braces in \itemize; meant \describe ?
checkRd: (-1) UK_GDP.Rd:11: Lost braces in \itemize; meant \describe ?
Flavors: r-devel-linux-x86_64-debian-clang, r-devel-linux-x86_64-debian-gcc
Version: 0.6.0
Check: data for non-ASCII characters
Result: NOTE
Note: found 56 marked UTF-8 strings
Flavors: r-devel-linux-x86_64-fedora-clang, r-devel-linux-x86_64-fedora-gcc, r-oldrel-macos-arm64, r-oldrel-macos-x86_64