Last updated on 2023-11-28 04:57:25 CET.
Flavor | Version | Tinstall | Tcheck | Ttotal | Status | Flags |
---|---|---|---|---|---|---|
r-devel-linux-x86_64-debian-clang | 1.9.0 | 31.75 | 456.25 | 488.00 | OK | |
r-devel-linux-x86_64-debian-gcc | 1.9.0 | 25.43 | 338.10 | 363.53 | OK | |
r-devel-linux-x86_64-fedora-clang | 1.9.0 | 602.65 | NOTE | |||
r-devel-linux-x86_64-fedora-gcc | 1.9.0 | 584.56 | OK | |||
r-devel-windows-x86_64 | 1.9.0 | 26.00 | 327.00 | 353.00 | OK | |
r-patched-linux-x86_64 | 1.9.0 | 37.48 | 432.33 | 469.81 | OK | |
r-release-linux-x86_64 | 1.9.0 | 19.80 | 421.55 | 441.35 | OK | |
r-release-macos-arm64 | 1.9.0 | 148.00 | OK | |||
r-release-macos-x86_64 | 1.9.0 | 238.00 | OK | |||
r-release-windows-x86_64 | 1.9.0 | 35.00 | 457.00 | 492.00 | OK | |
r-oldrel-macos-arm64 | 1.9.0 | 152.00 | OK | |||
r-oldrel-macos-x86_64 | 1.8.4.2 | 202.00 | OK | |||
r-oldrel-windows-x86_64 | 1.9.0 | 34.00 | 431.00 | 465.00 | OK |
Version: 1.9.0
Check: Rd cross-references
Result: NOTE
Undeclared package ‘cubature’ in Rd xrefs
Flavor: r-devel-linux-x86_64-fedora-clang