Last updated on 2023-11-30 04:52:58 CET.
Flavor | Version | Tinstall | Tcheck | Ttotal | Status | Flags |
---|---|---|---|---|---|---|
r-devel-linux-x86_64-debian-clang | 0.1.0 | 2.19 | 19.71 | 21.90 | OK | |
r-devel-linux-x86_64-debian-gcc | 0.1.0 | 1.82 | 15.34 | 17.16 | OK | |
r-devel-linux-x86_64-fedora-clang | 0.1.0 | 28.38 | NOTE | |||
r-devel-linux-x86_64-fedora-gcc | 0.1.0 | 26.27 | NOTE | |||
r-devel-windows-x86_64 | 0.1.0 | 3.00 | 39.00 | 42.00 | OK | |
r-patched-linux-x86_64 | 0.1.0 | 2.12 | 19.32 | 21.44 | OK | |
r-release-linux-x86_64 | 0.1.0 | 1.98 | 19.52 | 21.50 | OK | |
r-release-macos-arm64 | 0.1.0 | 15.00 | OK | |||
r-release-macos-x86_64 | 0.1.0 | 18.00 | OK | |||
r-release-windows-x86_64 | 0.1.0 | 4.00 | 41.00 | 45.00 | OK | |
r-oldrel-macos-arm64 | 0.1.0 | 16.00 | OK | |||
r-oldrel-macos-x86_64 | 0.1.0 | 19.00 | NOTE | |||
r-oldrel-windows-x86_64 | 0.1.0 | 5.00 | 42.00 | 47.00 | OK |
Version: 0.1.0
Check: data for non-ASCII characters
Result: NOTE
Note: found 13 marked UTF-8 strings
Flavors: r-devel-linux-x86_64-fedora-clang, r-devel-linux-x86_64-fedora-gcc, r-oldrel-macos-x86_64