CRAN Package Check Results for Package mongopipe

Last updated on 2023-12-10 04:56:04 CET.

Flavor Version Tinstall Tcheck Ttotal Status Flags
r-devel-linux-x86_64-debian-clang 0.1.1 2.76 29.07 31.83 NOTE
r-devel-linux-x86_64-debian-gcc 0.1.1 2.19 22.87 25.06 NOTE
r-devel-linux-x86_64-fedora-clang 0.1.1 40.18 NOTE
r-devel-linux-x86_64-fedora-gcc 0.1.1 37.78 NOTE
r-devel-windows-x86_64 0.1.1 3.00 45.00 48.00 NOTE
r-patched-linux-x86_64 0.1.1 2.40 29.24 31.64 NOTE
r-release-linux-x86_64 0.1.1 2.44 28.42 30.86 NOTE
r-release-macos-arm64 0.1.1 19.00 NOTE
r-release-macos-x86_64 0.1.1 24.00 NOTE
r-release-windows-x86_64 0.1.1 3.00 45.00 48.00 NOTE
r-oldrel-macos-arm64 0.1.1 20.00 NOTE
r-oldrel-macos-x86_64 0.1.1 25.00 NOTE
r-oldrel-windows-x86_64 0.1.1 4.00 50.00 54.00 NOTE

Check Details

Version: 0.1.1
Check: LazyData
Result: NOTE 'LazyData' is specified without a 'data' directory Flavors: r-devel-linux-x86_64-debian-clang, r-devel-linux-x86_64-debian-gcc, r-devel-linux-x86_64-fedora-clang, r-devel-linux-x86_64-fedora-gcc, r-devel-windows-x86_64, r-patched-linux-x86_64, r-release-linux-x86_64, r-release-macos-arm64, r-release-macos-x86_64, r-release-windows-x86_64, r-oldrel-macos-arm64, r-oldrel-macos-x86_64, r-oldrel-windows-x86_64