CRAN Package Check Results for Package monaco

Last updated on 2024-02-27 04:50:43 CET.

Flavor Version Tinstall Tcheck Ttotal Status Flags
r-devel-linux-x86_64-debian-clang 0.2.2 5.92 38.27 44.19 OK
r-devel-linux-x86_64-debian-gcc 0.2.2 4.47 30.52 34.99 OK
r-devel-linux-x86_64-fedora-clang 0.2.2 54.23 NOTE
r-devel-linux-x86_64-fedora-gcc 0.2.2 51.80 OK
r-devel-windows-x86_64 0.2.2 6.00 50.00 56.00 NOTE
r-patched-linux-x86_64 0.2.2 3.55 38.26 41.81 OK
r-release-linux-x86_64 0.2.2 3.65 38.04 41.69 OK
r-release-macos-arm64 0.2.2 25.00 NOTE
r-release-macos-x86_64 0.2.2 29.00 NOTE
r-release-windows-x86_64 0.2.2 8.00 57.00 65.00 NOTE
r-oldrel-macos-arm64 0.2.2 22.00 NOTE
r-oldrel-windows-x86_64 0.2.2 8.00 63.00 71.00 NOTE

Check Details

Version: 0.2.2
Check: installed package size
Result: NOTE installed size is 14.9Mb sub-directories of 1Mb or more: htmlwidgets 14.7Mb Flavors: r-devel-linux-x86_64-fedora-clang, r-devel-windows-x86_64, r-release-macos-arm64, r-release-macos-x86_64, r-release-windows-x86_64, r-oldrel-macos-arm64, r-oldrel-windows-x86_64