Last updated on 2023-11-30 04:52:58 CET.
Flavor | Version | Tinstall | Tcheck | Ttotal | Status | Flags |
---|---|---|---|---|---|---|
r-devel-linux-x86_64-debian-clang | 3.4.2 | 188.28 | 340.34 | 528.62 | NOTE | |
r-devel-linux-x86_64-debian-gcc | 3.4.2 | 137.17 | 261.73 | 398.90 | NOTE | |
r-devel-linux-x86_64-fedora-clang | 3.4.2 | 719.54 | OK | |||
r-devel-linux-x86_64-fedora-gcc | 3.4.2 | 754.22 | OK | |||
r-devel-windows-x86_64 | 3.4.2 | 150.00 | 309.00 | 459.00 | OK | |
r-patched-linux-x86_64 | 3.4.2 | 118.18 | 357.49 | 475.67 | OK | |
r-release-linux-x86_64 | 3.4.2 | 120.05 | 357.80 | 477.85 | OK | |
r-release-macos-arm64 | 3.4.2 | 193.00 | NOTE | |||
r-release-macos-x86_64 | 3.4.2 | 279.00 | NOTE | |||
r-release-windows-x86_64 | 3.4.2 | 208.00 | 379.00 | 587.00 | OK | |
r-oldrel-macos-arm64 | 3.4.2 | 161.00 | NOTE | |||
r-oldrel-macos-x86_64 | 3.4.2 | 252.00 | NOTE | |||
r-oldrel-windows-x86_64 | 3.4.2 | 203.00 | 380.00 | 583.00 | OK |
Version: 3.4.2
Check: Rd files
Result: NOTE
checkRd: (-1) bfnormmix.Rd:53: Lost braces; missing escapes or markup?
53 | d(mu,Sigma)= [prod_{j<l} (mu_j-mu_l)' A (mu_j-mu_l)]
| ^
checkRd: (-1) bfnormmix.Rd:55: Lost braces; missing escapes or markup?
55 | and A is the average of Sigma_1^{-1},...,Sigma_k^{-1}. Note that
| ^
checkRd: (-1) bfnormmix.Rd:55: Lost braces; missing escapes or markup?
55 | and A is the average of Sigma_1^{-1},...,Sigma_k^{-1}. Note that
| ^
checkRd: (-1) localnulltest.Rd:89: Lost braces; missing escapes or markup?
89 | y[i]= beta_0(z[i]) + sum_{j=1}^p beta_j(z[i], x[i]) + e[i]
| ^
checkRd: (-1) msPriorSpec-class.Rd:141: Lost braces; missing escapes or markup?
141 | p_z(delta; tau)= prod_j N(delta_j; 0, (tau/p_j)) (X_j'X_j)^{-1})
| ^
Flavors: r-devel-linux-x86_64-debian-clang, r-devel-linux-x86_64-debian-gcc
Version: 3.4.2
Check: installed package size
Result: NOTE
installed size is 6.6Mb
sub-directories of 1Mb or more:
libs 5.1Mb
Flavors: r-release-macos-arm64, r-release-macos-x86_64, r-oldrel-macos-arm64, r-oldrel-macos-x86_64