Last updated on 2023-09-24 05:53:15 CEST.
Flavor | Version | Tinstall | Tcheck | Ttotal | Status | Flags |
---|---|---|---|---|---|---|
r-devel-linux-x86_64-debian-clang | 1.0.3 | 3.47 | 113.42 | 116.89 | NOTE | |
r-devel-linux-x86_64-debian-gcc | 1.0.3 | 3.53 | 84.11 | 87.64 | NOTE | |
r-devel-linux-x86_64-fedora-clang | 1.0.3 | 154.22 | NOTE | |||
r-devel-linux-x86_64-fedora-gcc | 1.0.3 | 160.43 | NOTE | |||
r-devel-windows-x86_64 | 1.0.3 | 6.00 | 116.00 | 122.00 | NOTE | |
r-patched-linux-x86_64 | 1.0.3 | 12.99 | 111.15 | 124.14 | OK | |
r-release-linux-x86_64 | 1.0.3 | 3.18 | 109.07 | 112.25 | OK | |
r-release-macos-arm64 | 1.0.3 | 57.00 | OK | |||
r-release-macos-x86_64 | 1.0.3 | 86.00 | OK | |||
r-release-windows-x86_64 | 1.0.3 | 7.00 | 133.00 | 140.00 | OK | |
r-oldrel-macos-arm64 | 1.0.3 | 52.00 | OK | |||
r-oldrel-macos-x86_64 | 1.0.3 | 59.00 | OK | |||
r-oldrel-windows-x86_64 | 1.0.3 | 8.00 | 130.00 | 138.00 | OK |
Version: 1.0.3
Check: whether the namespace can be loaded with stated dependencies
Result: NOTE
Warning: no function found corresponding to methods exports from ‘moko’ for: ‘show’
A namespace must be able to be loaded with just the base namespace
loaded: otherwise if the namespace gets loaded by a saved object, the
session will be unable to start.
Probably some imports need to be declared in the NAMESPACE file.
Flavors: r-devel-linux-x86_64-debian-clang, r-devel-linux-x86_64-debian-gcc, r-devel-linux-x86_64-fedora-clang, r-devel-linux-x86_64-fedora-gcc, r-devel-windows-x86_64