CRAN Package Check Results for Package modeltime

Last updated on 2024-06-14 05:58:30 CEST.

Flavor Version Tinstall Tcheck Ttotal Status Flags
r-devel-linux-x86_64-debian-clang 1.2.8 20.46 289.71 310.17 OK
r-devel-linux-x86_64-debian-gcc 1.2.8 0.73 1.98 2.71 ERROR
r-devel-linux-x86_64-fedora-clang 1.2.8 390.23 NOTE
r-devel-linux-x86_64-fedora-gcc 1.2.8 383.69 NOTE
r-devel-windows-x86_64 1.2.8 21.00 235.00 256.00 OK
r-patched-linux-x86_64 1.2.8 30.19 277.34 307.53 OK
r-release-linux-x86_64 1.2.8 22.98 192.24 215.22 OK
r-release-macos-arm64 1.2.8 102.00 OK
r-release-macos-x86_64 1.2.8 200.00 OK
r-release-windows-x86_64 1.2.8 21.00 236.00 257.00 OK
r-oldrel-macos-arm64 1.2.8 112.00 OK
r-oldrel-macos-x86_64 1.2.8 214.00 OK
r-oldrel-windows-x86_64 1.2.8 29.00 316.00 345.00 OK

Check Details

Version: 1.2.8
Check: package dependencies
Result: ERROR Packages required but not available: 'timetk', 'parsnip', 'dials', 'yardstick', 'workflows', 'hardhat', 'plotly', 'gt', 'ggplot2', 'tibble', 'tidyr', 'dplyr', 'purrr', 'stringr', 'forcats', 'janitor', 'forecast', 'prophet', 'tidyverse', 'tidymodels' Packages suggested but not available for checking: 'rstan', 'slider', 'sparklyr', 'workflowsets', 'recipes', 'rsample', 'tune', 'lubridate', 'progress', 'testthat', 'roxygen2', 'thief', 'smooth', 'greybox', 'trelliscopejs' See section ‘The DESCRIPTION file’ in the ‘Writing R Extensions’ manual. Flavor: r-devel-linux-x86_64-debian-gcc

Version: 1.2.8
Check: package dependencies
Result: NOTE Imports includes 31 non-default packages. Importing from so many packages makes the package vulnerable to any of them becoming unavailable. Move as many as possible to Suggests and use conditionally. Flavor: r-devel-linux-x86_64-fedora-clang

Version: 1.2.8
Check: dependencies in R code
Result: NOTE Namespaces in Imports field not imported from: ‘tidymodels’ ‘tidyverse’ All declared Imports should be used. Flavors: r-devel-linux-x86_64-fedora-clang, r-devel-linux-x86_64-fedora-gcc