Last updated on 2023-12-11 04:51:12 CET.
Flavor | Version | Tinstall | Tcheck | Ttotal | Status | Flags |
---|---|---|---|---|---|---|
r-devel-linux-x86_64-debian-clang | 1.2.0 | 21.19 | 59.05 | 80.24 | OK | |
r-devel-linux-x86_64-debian-gcc | 1.2.0 | 22.74 | 44.20 | 66.94 | OK | |
r-devel-linux-x86_64-fedora-clang | 1.2.0 | 103.08 | NOTE | |||
r-devel-linux-x86_64-fedora-gcc | 1.2.0 | 98.25 | NOTE | |||
r-devel-windows-x86_64 | 1.2.0 | 22.00 | 71.00 | 93.00 | OK | |
r-patched-linux-x86_64 | 1.2.0 | 22.96 | 55.87 | 78.83 | OK | |
r-release-linux-x86_64 | 1.2.0 | 20.30 | 55.79 | 76.09 | OK | |
r-release-macos-arm64 | 1.2.0 | 39.00 | NOTE | |||
r-release-macos-x86_64 | 1.2.0 | 64.00 | NOTE | |||
r-release-windows-x86_64 | 1.2.0 | 26.00 | 80.00 | 106.00 | OK | |
r-oldrel-macos-arm64 | 1.2.0 | 42.00 | NOTE | |||
r-oldrel-macos-x86_64 | 1.2.0 | 57.00 | OK | |||
r-oldrel-windows-x86_64 | 1.2.0 | 28.00 | 86.00 | 114.00 | OK |
Version: 1.2.0
Check: Rd cross-references
Result: NOTE
Undeclared package ‘caret’ in Rd xrefs
Flavor: r-devel-linux-x86_64-fedora-clang
Version: 1.2.0
Check: data for non-ASCII characters
Result: NOTE
Note: found 313 marked UTF-8 strings
Flavors: r-devel-linux-x86_64-fedora-clang, r-devel-linux-x86_64-fedora-gcc
Version: 1.2.0
Check: installed package size
Result: NOTE
installed size is 5.4Mb
sub-directories of 1Mb or more:
data 5.2Mb
Flavors: r-release-macos-arm64, r-release-macos-x86_64, r-oldrel-macos-arm64