CRAN Package Check Results for Package modelbpp

Last updated on 2024-03-02 04:48:28 CET.

Flavor Version Tinstall Tcheck Ttotal Status Flags
r-devel-linux-x86_64-debian-clang 0.1.3 5.34 106.56 111.90 OK
r-devel-linux-x86_64-debian-gcc 0.1.3 4.46 79.71 84.17 OK
r-devel-linux-x86_64-fedora-clang 0.1.3 134.55 NOTE
r-devel-linux-x86_64-fedora-gcc 0.1.3 145.35 OK
r-devel-windows-x86_64 0.1.3 6.00 89.00 95.00 OK
r-patched-linux-x86_64 0.1.3 9.66 104.03 113.69 OK
r-release-linux-x86_64 0.1.3 5.08 101.38 106.46 OK
r-release-macos-arm64 0.1.3 51.00 OK
r-release-macos-x86_64 0.1.3 118.00 OK
r-release-windows-x86_64 0.1.3 7.00 118.00 125.00 OK
r-oldrel-macos-arm64 0.1.3 46.00 OK
r-oldrel-windows-x86_64 0.1.3 7.00 119.00 126.00 OK

Check Details

Version: 0.1.3
Check: Rd cross-references
Result: NOTE Undeclared package ‘semTools’ in Rd xrefs Flavor: r-devel-linux-x86_64-fedora-clang