CRAN Package Check Results for Package mobirep

Last updated on 2023-11-30 04:52:58 CET.

Flavor Version Tinstall Tcheck Ttotal Status Flags
r-devel-linux-x86_64-debian-clang 0.2.3 12.89 195.55 208.44 OK
r-devel-linux-x86_64-debian-gcc 0.2.3 9.88 138.74 148.62 OK
r-devel-linux-x86_64-fedora-clang 0.2.3 249.46 NOTE
r-devel-linux-x86_64-fedora-gcc 0.2.3 253.05 OK
r-devel-windows-x86_64 0.2.3 13.00 157.00 170.00 OK
r-patched-linux-x86_64 0.2.3 11.17 177.52 188.69 OK
r-release-linux-x86_64 0.2.3 7.93 177.64 185.57 OK
r-release-macos-arm64 0.2.3 88.00 OK
r-release-macos-x86_64 0.2.3 134.00 OK
r-release-windows-x86_64 0.2.3 16.00 195.00 211.00 OK
r-oldrel-macos-arm64 0.2.3 68.00 OK
r-oldrel-macos-x86_64 0.2.3 146.00 OK
r-oldrel-windows-x86_64 0.2.3 15.00 210.00 225.00 OK

Check Details

Version: 0.2.3
Check: Rd cross-references
Result: NOTE Undeclared package ‘geomorph’ in Rd xrefs Flavor: r-devel-linux-x86_64-fedora-clang