CRAN Package Check Results for Package mobilityIndexR

Last updated on 2024-02-21 04:55:45 CET.

Flavor Version Tinstall Tcheck Ttotal Status Flags
r-devel-linux-x86_64-debian-clang 0.2.1 NOTE
r-devel-linux-x86_64-debian-gcc 0.2.1 1.90 32.04 33.94 NOTE
r-devel-linux-x86_64-fedora-clang 0.2.1 57.34 NOTE
r-devel-linux-x86_64-fedora-gcc 0.2.1 65.61 NOTE
r-devel-windows-x86_64 0.2.1 3.00 52.00 55.00 NOTE
r-patched-linux-x86_64 0.2.1 2.22 41.13 43.35 NOTE
r-release-linux-x86_64 0.2.1 2.72 41.27 43.99 NOTE
r-release-macos-arm64 0.2.1 27.00 NOTE
r-release-macos-x86_64 0.2.1 42.00 NOTE
r-release-windows-x86_64 0.2.1 3.00 65.00 68.00 NOTE
r-oldrel-macos-arm64 0.2.1 24.00 OK
r-oldrel-windows-x86_64 0.2.1 4.00 65.00 69.00 OK

Check Details

Version: 0.2.1
Check: package subdirectories
Result: NOTE Problems with news in ‘NEWS.md’: No news entries found. Flavors: r-devel-linux-x86_64-debian-clang, r-devel-linux-x86_64-debian-gcc, r-devel-linux-x86_64-fedora-clang, r-devel-linux-x86_64-fedora-gcc, r-devel-windows-x86_64, r-patched-linux-x86_64, r-release-linux-x86_64, r-release-macos-arm64, r-release-macos-x86_64, r-release-windows-x86_64