Last updated on 2023-12-10 04:56:04 CET.
Flavor | Version | Tinstall | Tcheck | Ttotal | Status | Flags |
---|---|---|---|---|---|---|
r-devel-linux-x86_64-debian-clang | 1.3 | 4.46 | 64.25 | 68.71 | OK | |
r-devel-linux-x86_64-debian-gcc | 1.3 | 3.59 | 45.59 | 49.18 | OK | |
r-devel-linux-x86_64-fedora-clang | 1.3 | 87.39 | NOTE | |||
r-devel-linux-x86_64-fedora-gcc | 1.3 | 79.84 | OK | |||
r-devel-windows-x86_64 | 1.3 | 5.00 | 70.00 | 75.00 | OK | |
r-patched-linux-x86_64 | 1.3 | 6.14 | 61.97 | 68.11 | OK | |
r-release-linux-x86_64 | 1.3 | 4.28 | 62.39 | 66.67 | OK | |
r-release-macos-arm64 | 1.3 | 26.00 | OK | |||
r-release-macos-x86_64 | 1.3 | 40.00 | OK | |||
r-release-windows-x86_64 | 1.3 | 6.00 | 78.00 | 84.00 | OK | |
r-oldrel-macos-arm64 | 1.3 | 24.00 | OK | |||
r-oldrel-macos-x86_64 | 1.3 | 33.00 | OK | |||
r-oldrel-windows-x86_64 | 1.3 | 8.00 | 76.00 | 84.00 | OK |
Version: 1.3
Check: Rd cross-references
Result: NOTE
Undeclared package ‘energy’ in Rd xrefs
Flavor: r-devel-linux-x86_64-fedora-clang