CRAN Package Check Results for Package mnorm

Last updated on 2024-02-26 04:49:33 CET.

Flavor Version Tinstall Tcheck Ttotal Status Flags
r-devel-linux-x86_64-debian-clang 1.2.2 196.03 31.95 227.98 OK
r-devel-linux-x86_64-debian-gcc 1.2.2 156.05 25.39 181.44 OK
r-devel-linux-x86_64-fedora-clang 1.2.2 325.46 OK
r-devel-linux-x86_64-fedora-gcc 1.2.2 354.59 OK
r-devel-windows-x86_64 1.2.2 141.00 81.00 222.00 OK
r-patched-linux-x86_64 1.2.2 173.95 32.61 206.56 OK
r-release-linux-x86_64 1.2.2 184.87 32.05 216.92 OK
r-release-macos-arm64 1.2.2 68.00 NOTE
r-release-macos-x86_64 1.2.2 102.00 NOTE
r-release-windows-x86_64 1.2.2 180.00 85.00 265.00 OK
r-oldrel-macos-arm64 1.2.2 66.00 NOTE
r-oldrel-windows-x86_64 1.2.2 172.00 86.00 258.00 OK

Check Details

Version: 1.2.2
Check: installed package size
Result: NOTE installed size is 10.6Mb sub-directories of 1Mb or more: libs 10.4Mb Flavors: r-release-macos-arm64, r-release-macos-x86_64, r-oldrel-macos-arm64