CRAN Package Check Results for Package mmmgee

Last updated on 2024-03-04 04:51:35 CET.

Flavor Version Tinstall Tcheck Ttotal Status Flags
r-devel-linux-x86_64-debian-clang 1.20 10.60 78.22 88.82 OK
r-devel-linux-x86_64-debian-gcc 1.20 6.69 58.84 65.53 OK
r-devel-linux-x86_64-fedora-clang 1.20 109.71 NOTE
r-devel-linux-x86_64-fedora-gcc 1.20 106.40 OK
r-devel-windows-x86_64 1.20 8.00 74.00 82.00 OK
r-patched-linux-x86_64 1.20 10.66 76.13 86.79 OK
r-release-linux-x86_64 1.20 6.53 76.49 83.02 OK
r-release-macos-arm64 1.20 34.00 OK
r-release-macos-x86_64 1.20 55.00 OK
r-release-windows-x86_64 1.20 10.00 86.00 96.00 OK
r-oldrel-macos-arm64 1.20 34.00 OK
r-oldrel-windows-x86_64 1.20 11.00 87.00 98.00 OK

Check Details

Version: 1.20
Check: Rd cross-references
Result: NOTE Undeclared package ‘geeM’ in Rd xrefs Flavor: r-devel-linux-x86_64-fedora-clang