CRAN Package Check Results for Package mlr3pipelines

Last updated on 2024-04-15 05:55:21 CEST.

Flavor Version Tinstall Tcheck Ttotal Status Flags
r-devel-linux-x86_64-debian-clang 0.5.1 38.86 614.31 653.17 ERROR
r-devel-linux-x86_64-debian-gcc 0.5.1 28.64 460.68 489.32 ERROR
r-devel-linux-x86_64-fedora-clang 0.5.1 829.27 NOTE
r-devel-linux-x86_64-fedora-gcc 0.5.1 820.55 OK
r-devel-windows-x86_64 0.5.1 28.00 358.00 386.00 OK
r-patched-linux-x86_64 0.5.1 56.16 617.20 673.36 ERROR
r-release-linux-x86_64 0.5.1 32.32 623.79 656.11 ERROR
r-release-macos-arm64 0.5.1 176.00 OK
r-release-macos-x86_64 0.5.1 346.00 OK
r-release-windows-x86_64 0.5.1 42.00 485.00 527.00 OK
r-oldrel-macos-arm64 0.5.1 164.00 OK
r-oldrel-windows-x86_64 0.5.1 40.00 452.00 492.00 OK

Additional issues

noSuggests

Check Details

Version: 0.5.1
Check: tests
Result: ERROR Running ‘testthat.R’ [363s/229s] Running the tests in ‘tests/testthat.R’ failed. Complete output: > if (requireNamespace("testthat", quietly = TRUE)) { + library("checkmate") + library("testthat") + library("mlr3") + library("paradox") + library("mlr3pipelines") + test_check("mlr3pipelines") + } Starting 2 test processes [ FAIL 1 | WARN 0 | SKIP 80 | PASS 13087 ] ══ Skipped tests (80) ══════════════════════════════════════════════════════════ • On CRAN (77): 'test_Graph.R:275:3', 'test_GraphLearner.R:4:3', 'test_GraphLearner.R:177:3', 'test_GraphLearner.R:245:3', 'test_GraphLearner.R:309:3', 'test_dictionary.R:5:3', 'test_learner_weightedaverage.R:4:3', 'test_learner_weightedaverage.R:56:3', 'test_learner_weightedaverage.R:103:3', 'test_learner_weightedaverage.R:149:3', 'test_meta.R:39:3', 'test_mlr_graphs_bagging.R:5:3', 'test_mlr_graphs_branching.R:25:3', 'test_mlr_graphs_robustify.R:4:3', 'test_pipeop_branch.R:4:3', 'test_pipeop_chunk.R:4:3', 'test_pipeop_boxcox.R:8:3', 'test_pipeop_classbalancing.R:10:3', 'test_pipeop_classweights.R:10:3', 'test_pipeop_colroles.R:10:3', 'test_pipeop_copy.R:5:3', 'test_pipeop_colapply.R:9:3', 'test_pipeop_encode.R:21:3', 'test_pipeop_encodeimpact.R:11:3', 'test_pipeop_datefeatures.R:13:3', 'test_pipeop_encodelmer.R:13:3', 'test_pipeop_encodelmer.R:34:3', 'test_pipeop_encodelmer.R:75:3', 'test_pipeop_ensemble.R:6:3', 'test_pipeop_filter.R:6:3', 'test_pipeop_fixfactors.R:9:3', 'test_pipeop_featureunion.R:9:3', 'test_pipeop_featureunion.R:132:3', 'test_pipeop_histbin.R:9:3', 'test_pipeop_ica.R:6:3', 'test_pipeop_impute.R:4:3', 'test_pipeop_kernelpca.R:9:3', 'test_pipeop_imputelearner.R:40:3', 'test_pipeop_learner.R:17:3', 'test_pipeop_missind.R:6:3', 'test_pipeop_modelmatrix.R:7:3', 'test_pipeop_multiplicityexply.R:9:3', 'test_pipeop_multiplicityimply.R:9:3', 'test_pipeop_mutate.R:9:3', 'test_pipeop_learnercv.R:31:3', 'test_pipeop_ovr.R:9:3', 'test_pipeop_ovr.R:48:3', 'test_pipeop_pca.R:8:3', 'test_pipeop_nmf.R:9:3', 'test_pipeop_quantilebin.R:5:3', 'test_pipeop_randomprojection.R:8:3', 'test_pipeop_randomresponse.R:5:3', 'test_pipeop_removeconstants.R:10:3', 'test_pipeop_proxy.R:14:3', 'test_pipeop_renamecolumns.R:11:3', 'test_pipeop_scale.R:8:3', 'test_pipeop_scale.R:18:3', 'test_pipeop_scalemaxabs.R:7:3', 'test_pipeop_replicate.R:9:3', 'test_pipeop_scalerange.R:8:3', 'test_pipeop_select.R:9:3', 'test_pipeop_smote.R:9:3', 'test_pipeop_subsample.R:10:3', 'test_pipeop_targetinvert.R:4:3', 'test_pipeop_targetmutate.R:4:3', 'test_pipeop_targettrafo.R:4:3', 'test_pipeop_targettrafoscalerange.R:4:3', 'test_pipeop_task_preproc.R:4:3', 'test_pipeop_task_preproc.R:14:3', 'test_pipeop_spatialsign.R:7:3', 'test_pipeop_textvectorizer.R:38:3', 'test_pipeop_textvectorizer.R:189:3', 'test_pipeop_unbranch.R:10:3', 'test_pipeop_updatetarget.R:88:3', 'test_pipeop_yeojohnson.R:7:3', 'test_pipeop_vtreat.R:9:3', 'test_typecheck.R:186:3' • empty test (3): 'test_pipeop_missind.R:101:1', 'test_pipeop_learnercv.R:52:1', 'test_ppl.R:61:1' ══ Failed tests ════════════════════════════════════════════════════════════════ ── Failure ('test_pipeop_textvectorizer.R:188:3'): PipeOpTextVectorizer - integer sequence ── all(dt2[1, paste0("txt.V", seq_len(10)), with = FALSE] == 1:10) is not TRUE `actual`: FALSE `expected`: TRUE [ FAIL 1 | WARN 0 | SKIP 80 | PASS 13087 ] Error: Test failures Execution halted Flavor: r-devel-linux-x86_64-debian-clang

Version: 0.5.1
Check: tests
Result: ERROR Running ‘testthat.R’ [262s/230s] Running the tests in ‘tests/testthat.R’ failed. Complete output: > if (requireNamespace("testthat", quietly = TRUE)) { + library("checkmate") + library("testthat") + library("mlr3") + library("paradox") + library("mlr3pipelines") + test_check("mlr3pipelines") + } Starting 2 test processes [ FAIL 1 | WARN 0 | SKIP 80 | PASS 13087 ] ══ Skipped tests (80) ══════════════════════════════════════════════════════════ • On CRAN (77): 'test_Graph.R:275:3', 'test_GraphLearner.R:4:3', 'test_GraphLearner.R:177:3', 'test_GraphLearner.R:245:3', 'test_GraphLearner.R:309:3', 'test_dictionary.R:5:3', 'test_learner_weightedaverage.R:4:3', 'test_learner_weightedaverage.R:56:3', 'test_learner_weightedaverage.R:103:3', 'test_learner_weightedaverage.R:149:3', 'test_meta.R:39:3', 'test_mlr_graphs_bagging.R:5:3', 'test_mlr_graphs_branching.R:25:3', 'test_mlr_graphs_robustify.R:4:3', 'test_pipeop_boxcox.R:8:3', 'test_pipeop_chunk.R:4:3', 'test_pipeop_branch.R:4:3', 'test_pipeop_classweights.R:10:3', 'test_pipeop_classbalancing.R:10:3', 'test_pipeop_colroles.R:10:3', 'test_pipeop_colapply.R:9:3', 'test_pipeop_copy.R:5:3', 'test_pipeop_encode.R:21:3', 'test_pipeop_encodeimpact.R:11:3', 'test_pipeop_encodelmer.R:13:3', 'test_pipeop_encodelmer.R:34:3', 'test_pipeop_encodelmer.R:75:3', 'test_pipeop_datefeatures.R:13:3', 'test_pipeop_featureunion.R:9:3', 'test_pipeop_featureunion.R:132:3', 'test_pipeop_filter.R:6:3', 'test_pipeop_fixfactors.R:9:3', 'test_pipeop_ensemble.R:6:3', 'test_pipeop_histbin.R:9:3', 'test_pipeop_ica.R:6:3', 'test_pipeop_impute.R:4:3', 'test_pipeop_kernelpca.R:9:3', 'test_pipeop_learner.R:17:3', 'test_pipeop_imputelearner.R:40:3', 'test_pipeop_missind.R:6:3', 'test_pipeop_modelmatrix.R:7:3', 'test_pipeop_multiplicityexply.R:9:3', 'test_pipeop_multiplicityimply.R:9:3', 'test_pipeop_learnercv.R:31:3', 'test_pipeop_mutate.R:9:3', 'test_pipeop_ovr.R:9:3', 'test_pipeop_ovr.R:48:3', 'test_pipeop_pca.R:8:3', 'test_pipeop_nmf.R:9:3', 'test_pipeop_quantilebin.R:5:3', 'test_pipeop_randomprojection.R:8:3', 'test_pipeop_randomresponse.R:5:3', 'test_pipeop_proxy.R:14:3', 'test_pipeop_removeconstants.R:10:3', 'test_pipeop_renamecolumns.R:11:3', 'test_pipeop_replicate.R:9:3', 'test_pipeop_scale.R:8:3', 'test_pipeop_scale.R:18:3', 'test_pipeop_scalemaxabs.R:7:3', 'test_pipeop_select.R:9:3', 'test_pipeop_scalerange.R:8:3', 'test_pipeop_smote.R:9:3', 'test_pipeop_subsample.R:10:3', 'test_pipeop_targetinvert.R:4:3', 'test_pipeop_targetmutate.R:4:3', 'test_pipeop_targettrafo.R:4:3', 'test_pipeop_targettrafoscalerange.R:4:3', 'test_pipeop_task_preproc.R:4:3', 'test_pipeop_task_preproc.R:14:3', 'test_pipeop_spatialsign.R:7:3', 'test_pipeop_textvectorizer.R:38:3', 'test_pipeop_textvectorizer.R:189:3', 'test_pipeop_unbranch.R:10:3', 'test_pipeop_updatetarget.R:88:3', 'test_pipeop_vtreat.R:9:3', 'test_pipeop_yeojohnson.R:7:3', 'test_typecheck.R:186:3' • empty test (3): 'test_pipeop_missind.R:101:1', 'test_pipeop_learnercv.R:52:1', 'test_ppl.R:61:1' ══ Failed tests ════════════════════════════════════════════════════════════════ ── Failure ('test_pipeop_textvectorizer.R:188:3'): PipeOpTextVectorizer - integer sequence ── all(dt2[1, paste0("txt.V", seq_len(10)), with = FALSE] == 1:10) is not TRUE `actual`: FALSE `expected`: TRUE [ FAIL 1 | WARN 0 | SKIP 80 | PASS 13087 ] Error: Test failures Execution halted Flavor: r-devel-linux-x86_64-debian-gcc

Version: 0.5.1
Check: Rd cross-references
Result: NOTE Undeclared package ‘htmlwidgets’ in Rd xrefs Flavor: r-devel-linux-x86_64-fedora-clang

Version: 0.5.1
Check: tests
Result: ERROR Running ‘testthat.R’ [353s/208s] Running the tests in ‘tests/testthat.R’ failed. Complete output: > if (requireNamespace("testthat", quietly = TRUE)) { + library("checkmate") + library("testthat") + library("mlr3") + library("paradox") + library("mlr3pipelines") + test_check("mlr3pipelines") + } Starting 2 test processes [ FAIL 1 | WARN 0 | SKIP 80 | PASS 13087 ] ══ Skipped tests (80) ══════════════════════════════════════════════════════════ • On CRAN (77): 'test_Graph.R:275:3', 'test_GraphLearner.R:4:3', 'test_GraphLearner.R:177:3', 'test_GraphLearner.R:245:3', 'test_GraphLearner.R:309:3', 'test_dictionary.R:5:3', 'test_learner_weightedaverage.R:4:3', 'test_learner_weightedaverage.R:56:3', 'test_learner_weightedaverage.R:103:3', 'test_learner_weightedaverage.R:149:3', 'test_meta.R:39:3', 'test_mlr_graphs_bagging.R:5:3', 'test_mlr_graphs_branching.R:25:3', 'test_mlr_graphs_robustify.R:4:3', 'test_pipeop_branch.R:4:3', 'test_pipeop_chunk.R:4:3', 'test_pipeop_classbalancing.R:10:3', 'test_pipeop_boxcox.R:8:3', 'test_pipeop_classweights.R:10:3', 'test_pipeop_colroles.R:10:3', 'test_pipeop_colapply.R:9:3', 'test_pipeop_copy.R:5:3', 'test_pipeop_encode.R:21:3', 'test_pipeop_encodeimpact.R:11:3', 'test_pipeop_datefeatures.R:13:3', 'test_pipeop_encodelmer.R:13:3', 'test_pipeop_encodelmer.R:34:3', 'test_pipeop_encodelmer.R:75:3', 'test_pipeop_featureunion.R:9:3', 'test_pipeop_featureunion.R:132:3', 'test_pipeop_ensemble.R:6:3', 'test_pipeop_fixfactors.R:9:3', 'test_pipeop_filter.R:6:3', 'test_pipeop_histbin.R:9:3', 'test_pipeop_ica.R:6:3', 'test_pipeop_impute.R:4:3', 'test_pipeop_kernelpca.R:9:3', 'test_pipeop_imputelearner.R:40:3', 'test_pipeop_learner.R:17:3', 'test_pipeop_missind.R:6:3', 'test_pipeop_modelmatrix.R:7:3', 'test_pipeop_multiplicityexply.R:9:3', 'test_pipeop_learnercv.R:31:3', 'test_pipeop_mutate.R:9:3', 'test_pipeop_multiplicityimply.R:9:3', 'test_pipeop_ovr.R:9:3', 'test_pipeop_ovr.R:48:3', 'test_pipeop_pca.R:8:3', 'test_pipeop_nmf.R:9:3', 'test_pipeop_quantilebin.R:5:3', 'test_pipeop_randomprojection.R:8:3', 'test_pipeop_randomresponse.R:5:3', 'test_pipeop_proxy.R:14:3', 'test_pipeop_removeconstants.R:10:3', 'test_pipeop_renamecolumns.R:11:3', 'test_pipeop_replicate.R:9:3', 'test_pipeop_scale.R:8:3', 'test_pipeop_scale.R:18:3', 'test_pipeop_scalemaxabs.R:7:3', 'test_pipeop_scalerange.R:8:3', 'test_pipeop_select.R:9:3', 'test_pipeop_smote.R:9:3', 'test_pipeop_subsample.R:10:3', 'test_pipeop_targetinvert.R:4:3', 'test_pipeop_targetmutate.R:4:3', 'test_pipeop_targettrafo.R:4:3', 'test_pipeop_targettrafoscalerange.R:4:3', 'test_pipeop_task_preproc.R:4:3', 'test_pipeop_task_preproc.R:14:3', 'test_pipeop_spatialsign.R:7:3', 'test_pipeop_textvectorizer.R:38:3', 'test_pipeop_textvectorizer.R:189:3', 'test_pipeop_unbranch.R:10:3', 'test_pipeop_updatetarget.R:88:3', 'test_pipeop_yeojohnson.R:7:3', 'test_pipeop_vtreat.R:9:3', 'test_typecheck.R:186:3' • empty test (3): 'test_pipeop_missind.R:101:1', 'test_pipeop_learnercv.R:52:1', 'test_ppl.R:61:1' ══ Failed tests ════════════════════════════════════════════════════════════════ ── Failure ('test_pipeop_textvectorizer.R:188:3'): PipeOpTextVectorizer - integer sequence ── all(dt2[1, paste0("txt.V", seq_len(10)), with = FALSE] == 1:10) is not TRUE `actual`: FALSE `expected`: TRUE [ FAIL 1 | WARN 0 | SKIP 80 | PASS 13087 ] Error: Test failures Execution halted Flavor: r-patched-linux-x86_64

Version: 0.5.1
Check: tests
Result: ERROR Running ‘testthat.R’ [358s/237s] Running the tests in ‘tests/testthat.R’ failed. Complete output: > if (requireNamespace("testthat", quietly = TRUE)) { + library("checkmate") + library("testthat") + library("mlr3") + library("paradox") + library("mlr3pipelines") + test_check("mlr3pipelines") + } Starting 2 test processes [ FAIL 1 | WARN 0 | SKIP 80 | PASS 13087 ] ══ Skipped tests (80) ══════════════════════════════════════════════════════════ • On CRAN (77): 'test_Graph.R:275:3', 'test_GraphLearner.R:4:3', 'test_GraphLearner.R:177:3', 'test_GraphLearner.R:245:3', 'test_GraphLearner.R:309:3', 'test_dictionary.R:5:3', 'test_learner_weightedaverage.R:4:3', 'test_learner_weightedaverage.R:56:3', 'test_learner_weightedaverage.R:103:3', 'test_learner_weightedaverage.R:149:3', 'test_meta.R:39:3', 'test_mlr_graphs_bagging.R:5:3', 'test_mlr_graphs_branching.R:25:3', 'test_mlr_graphs_robustify.R:4:3', 'test_pipeop_branch.R:4:3', 'test_pipeop_chunk.R:4:3', 'test_pipeop_boxcox.R:8:3', 'test_pipeop_classbalancing.R:10:3', 'test_pipeop_classweights.R:10:3', 'test_pipeop_colroles.R:10:3', 'test_pipeop_colapply.R:9:3', 'test_pipeop_copy.R:5:3', 'test_pipeop_encode.R:21:3', 'test_pipeop_encodeimpact.R:11:3', 'test_pipeop_datefeatures.R:13:3', 'test_pipeop_encodelmer.R:13:3', 'test_pipeop_encodelmer.R:34:3', 'test_pipeop_encodelmer.R:75:3', 'test_pipeop_ensemble.R:6:3', 'test_pipeop_featureunion.R:9:3', 'test_pipeop_featureunion.R:132:3', 'test_pipeop_fixfactors.R:9:3', 'test_pipeop_filter.R:6:3', 'test_pipeop_histbin.R:9:3', 'test_pipeop_ica.R:6:3', 'test_pipeop_impute.R:4:3', 'test_pipeop_imputelearner.R:40:3', 'test_pipeop_kernelpca.R:9:3', 'test_pipeop_learner.R:17:3', 'test_pipeop_missind.R:6:3', 'test_pipeop_modelmatrix.R:7:3', 'test_pipeop_multiplicityexply.R:9:3', 'test_pipeop_multiplicityimply.R:9:3', 'test_pipeop_learnercv.R:31:3', 'test_pipeop_mutate.R:9:3', 'test_pipeop_ovr.R:9:3', 'test_pipeop_ovr.R:48:3', 'test_pipeop_pca.R:8:3', 'test_pipeop_proxy.R:14:3', 'test_pipeop_quantilebin.R:5:3', 'test_pipeop_randomprojection.R:8:3', 'test_pipeop_nmf.R:9:3', 'test_pipeop_randomresponse.R:5:3', 'test_pipeop_removeconstants.R:10:3', 'test_pipeop_renamecolumns.R:11:3', 'test_pipeop_replicate.R:9:3', 'test_pipeop_scale.R:8:3', 'test_pipeop_scale.R:18:3', 'test_pipeop_scalemaxabs.R:7:3', 'test_pipeop_scalerange.R:8:3', 'test_pipeop_select.R:9:3', 'test_pipeop_smote.R:9:3', 'test_pipeop_subsample.R:10:3', 'test_pipeop_targetinvert.R:4:3', 'test_pipeop_targetmutate.R:4:3', 'test_pipeop_targettrafo.R:4:3', 'test_pipeop_targettrafoscalerange.R:4:3', 'test_pipeop_task_preproc.R:4:3', 'test_pipeop_task_preproc.R:14:3', 'test_pipeop_spatialsign.R:7:3', 'test_pipeop_textvectorizer.R:38:3', 'test_pipeop_textvectorizer.R:189:3', 'test_pipeop_unbranch.R:10:3', 'test_pipeop_updatetarget.R:88:3', 'test_pipeop_vtreat.R:9:3', 'test_pipeop_yeojohnson.R:7:3', 'test_typecheck.R:186:3' • empty test (3): 'test_pipeop_missind.R:101:1', 'test_pipeop_learnercv.R:52:1', 'test_ppl.R:61:1' ══ Failed tests ════════════════════════════════════════════════════════════════ ── Failure ('test_pipeop_textvectorizer.R:188:3'): PipeOpTextVectorizer - integer sequence ── all(dt2[1, paste0("txt.V", seq_len(10)), with = FALSE] == 1:10) is not TRUE `actual`: FALSE `expected`: TRUE [ FAIL 1 | WARN 0 | SKIP 80 | PASS 13087 ] Error: Test failures Execution halted Flavor: r-release-linux-x86_64