CRAN Package Check Results for Package mlr3measures

Last updated on 2024-06-13 05:59:11 CEST.

Flavor Version Tinstall Tcheck Ttotal Status Flags
r-devel-linux-x86_64-debian-clang 0.5.0 3.20 73.35 76.55 OK
r-devel-linux-x86_64-debian-gcc 0.5.0 3.56 31.93 35.49 NOTE
r-devel-linux-x86_64-fedora-clang 0.5.0 92.86 OK
r-devel-linux-x86_64-fedora-gcc 0.5.0 92.73 OK
r-devel-windows-x86_64 0.5.0 5.00 84.00 89.00 OK
r-patched-linux-x86_64 0.5.0 6.36 72.40 78.76 OK
r-release-linux-x86_64 0.5.0 4.59 71.34 75.93 OK
r-release-macos-arm64 0.5.0 31.00 OK
r-release-macos-x86_64 0.5.0 51.00 OK
r-release-windows-x86_64 0.5.0 6.00 85.00 91.00 OK
r-oldrel-macos-arm64 0.5.0 34.00 OK
r-oldrel-macos-x86_64 0.5.0 52.00 OK
r-oldrel-windows-x86_64 0.5.0 5.00 98.00 103.00 OK

Check Details

Version: 0.5.0
Check: package dependencies
Result: NOTE Package suggested but not available for checking: ‘testthat’ Flavor: r-devel-linux-x86_64-debian-gcc