CRAN Package Check Results for Package mixvlmc

Last updated on 2024-03-03 04:48:41 CET.

Flavor Version Tinstall Tcheck Ttotal Status Flags
r-devel-linux-x86_64-debian-clang 0.2.1 116.46 1074.66 1191.12 OK
r-devel-linux-x86_64-debian-gcc 0.2.1 87.78 773.49 861.27 OK
r-devel-linux-x86_64-fedora-clang 0.2.1 1339.99 OK
r-devel-linux-x86_64-fedora-gcc 0.2.1 1462.27 OK
r-devel-windows-x86_64 0.2.1 90.00 542.00 632.00 OK
r-patched-linux-x86_64 0.2.1 110.57 1065.29 1175.86 OK
r-release-linux-x86_64 0.2.1 117.29 1052.59 1169.88 OK
r-release-macos-arm64 0.2.1 502.00 NOTE
r-release-macos-x86_64 0.2.1 633.00 NOTE
r-release-windows-x86_64 0.2.1 119.00 753.00 872.00 OK
r-oldrel-macos-arm64 0.2.1 379.00 NOTE
r-oldrel-windows-x86_64 0.2.1 107.00 742.00 849.00 OK

Check Details

Version: 0.2.1
Check: installed package size
Result: NOTE installed size is 8.0Mb sub-directories of 1Mb or more: data 2.0Mb libs 4.4Mb Flavors: r-release-macos-arm64, r-release-macos-x86_64, r-oldrel-macos-arm64