Last updated on 2023-12-03 04:56:13 CET.
Flavor | Version | Tinstall | Tcheck | Ttotal | Status | Flags |
---|---|---|---|---|---|---|
r-devel-linux-x86_64-debian-clang | 0.3-48 | 84.13 | 109.22 | 193.35 | NOTE | |
r-devel-linux-x86_64-debian-gcc | 0.3-48 | 56.72 | 84.30 | 141.02 | NOTE | |
r-devel-linux-x86_64-fedora-clang | 0.3-48 | 283.21 | NOTE | |||
r-devel-linux-x86_64-fedora-gcc | 0.3-48 | 271.62 | NOTE | |||
r-devel-windows-x86_64 | 0.3-48 | 64.00 | 123.00 | 187.00 | NOTE | |
r-patched-linux-x86_64 | 0.3-48 | 74.09 | 112.01 | 186.10 | NOTE | |
r-release-linux-x86_64 | 0.3-48 | 68.05 | 110.23 | 178.28 | NOTE | |
r-release-macos-arm64 | 0.3-48 | 82.00 | NOTE | |||
r-release-macos-x86_64 | 0.3-48 | 134.00 | NOTE | |||
r-release-windows-x86_64 | 0.3-48 | 84.00 | 148.00 | 232.00 | NOTE | |
r-oldrel-macos-arm64 | 0.3-48 | 77.00 | OK | |||
r-oldrel-macos-x86_64 | 0.3-48 | 97.00 | OK | |||
r-oldrel-windows-x86_64 | 0.3-48 | 79.00 | 144.00 | 223.00 | OK |
Version: 0.3-48
Check: C++ specification
Result: NOTE
Specified C++11: please drop specification unless essential
Flavors: r-devel-linux-x86_64-debian-clang, r-devel-linux-x86_64-debian-gcc, r-devel-linux-x86_64-fedora-clang, r-devel-linux-x86_64-fedora-gcc, r-devel-windows-x86_64, r-patched-linux-x86_64, r-release-linux-x86_64, r-release-macos-arm64, r-release-macos-x86_64, r-release-windows-x86_64