CRAN Package Check Results for Package mixpoissonreg

Last updated on 2024-06-13 05:59:11 CEST.

Flavor Version Tinstall Tcheck Ttotal Status Flags
r-devel-linux-x86_64-debian-clang 1.0.0 18.64 429.10 447.74 OK
r-devel-linux-x86_64-debian-gcc 1.0.0 0.69 1.88 2.57 ERROR
r-devel-linux-x86_64-fedora-clang 1.0.0 555.86 OK
r-devel-linux-x86_64-fedora-gcc 1.0.0 544.97 OK
r-devel-windows-x86_64 1.0.0 14.00 371.00 385.00 OK
r-patched-linux-x86_64 1.0.0 19.40 442.99 462.39 OK
r-release-linux-x86_64 1.0.0 11.03 442.42 453.45 OK
r-release-macos-arm64 1.0.0 178.00 OK
r-release-macos-x86_64 1.0.0 309.00 OK
r-release-windows-x86_64 1.0.0 16.00 382.00 398.00 OK
r-oldrel-macos-arm64 1.0.0 184.00 OK
r-oldrel-macos-x86_64 1.0.0 275.00 OK
r-oldrel-windows-x86_64 1.0.0 19.00 427.00 446.00 OK

Check Details

Version: 1.0.0
Check: package dependencies
Result: ERROR Packages required but not available: 'dplyr', 'ggplot2', 'tibble', 'ggrepel' Packages suggested but not available for checking: 'devtools', 'testthat', 'tidyr', 'ggfortify', 'broom' See section ‘The DESCRIPTION file’ in the ‘Writing R Extensions’ manual. Flavor: r-devel-linux-x86_64-debian-gcc