CRAN Package Check Results for Package mixR

Last updated on 2024-06-14 05:58:30 CEST.

Flavor Version Tinstall Tcheck Ttotal Status Flags
r-devel-linux-x86_64-debian-clang 0.2.0 39.95 251.93 291.88 NOTE
r-devel-linux-x86_64-debian-gcc 0.2.0 0.30 1.78 2.08 ERROR
r-devel-linux-x86_64-fedora-clang 0.2.0 383.13 NOTE
r-devel-linux-x86_64-fedora-gcc 0.2.0 384.72 NOTE
r-devel-windows-x86_64 0.2.0 30.00 513.00 543.00 NOTE
r-patched-linux-x86_64 0.2.0 33.81 253.76 287.57 NOTE
r-release-linux-x86_64 0.2.0 29.21 253.36 282.57 NOTE
r-release-macos-arm64 0.2.0 114.00 NOTE
r-release-macos-x86_64 0.2.0 163.00 NOTE
r-release-windows-x86_64 0.2.0 30.00 494.00 524.00 NOTE
r-oldrel-macos-arm64 0.2.0 131.00 OK
r-oldrel-macos-x86_64 0.2.0 189.00 OK
r-oldrel-windows-x86_64 0.2.0 38.00 494.00 532.00 OK

Check Details

Version: 0.2.0
Check: Rd files
Result: NOTE checkRd: (-1) print.selectEM.Rd:18: Lost braces 18 | The function \code{print.selectEM} is the print method for the class{selectEM}, which is the output | ^ Flavors: r-devel-linux-x86_64-debian-clang, r-devel-linux-x86_64-fedora-clang, r-devel-linux-x86_64-fedora-gcc, r-devel-windows-x86_64, r-patched-linux-x86_64, r-release-linux-x86_64, r-release-macos-arm64, r-release-macos-x86_64, r-release-windows-x86_64

Version: 0.2.0
Check: package dependencies
Result: ERROR Package required but not available: ‘ggplot2’ Packages suggested but not available for checking: 'testthat', 'mockery' See section ‘The DESCRIPTION file’ in the ‘Writing R Extensions’ manual. Flavor: r-devel-linux-x86_64-debian-gcc