CRAN Package Check Results for Package mixKernel

Last updated on 2024-02-25 04:51:11 CET.

Flavor Version Tinstall Tcheck Ttotal Status Flags
r-devel-linux-x86_64-debian-clang 0.9-1 30.30 347.24 377.54 OK
r-devel-linux-x86_64-debian-gcc 0.9-1 25.28 258.91 284.19 OK
r-devel-linux-x86_64-fedora-clang 0.9-1 459.55 OK
r-devel-linux-x86_64-fedora-gcc 0.9-1 490.57 OK
r-devel-windows-x86_64 0.9-1 29.00 258.00 287.00 OK
r-patched-linux-x86_64 0.9-1 23.99 332.78 356.77 OK
r-release-linux-x86_64 0.9-1 22.76 333.41 356.17 OK
r-release-macos-arm64 0.9-1 9.00 ERROR
r-release-macos-x86_64 0.9-1 6.00 ERROR
r-release-windows-x86_64 0.9-1 37.00 321.00 358.00 OK
r-oldrel-macos-arm64 0.9-1 137.00 OK
r-oldrel-windows-x86_64 0.9-1 39.00 319.00 358.00 OK

Check Details

Version: 0.9-1
Check: package dependencies
Result: ERROR Package required but not available: ‘phyloseq’ See section ‘The DESCRIPTION file’ in the ‘Writing R Extensions’ manual. Flavors: r-release-macos-arm64, r-release-macos-x86_64