CRAN Package Check Results for Package missoNet

Last updated on 2024-02-27 04:50:42 CET.

Flavor Version Tinstall Tcheck Ttotal Status Flags
r-devel-linux-x86_64-debian-clang 1.2.0 38.71 52.57 91.28 OK
r-devel-linux-x86_64-debian-gcc 1.2.0 28.46 40.83 69.29 OK
r-devel-linux-x86_64-fedora-clang 1.2.0 120.73 OK
r-devel-linux-x86_64-fedora-gcc 1.2.0 128.51 OK
r-devel-windows-x86_64 1.2.0 29.00 83.00 112.00 OK
r-patched-linux-x86_64 1.2.0 35.55 51.80 87.35 OK
r-release-linux-x86_64 1.2.0 31.22 53.48 84.70 OK
r-release-macos-arm64 1.2.0 39.00 NOTE
r-release-macos-x86_64 1.2.0 62.00 NOTE
r-release-windows-x86_64 1.2.0 36.00 94.00 130.00 OK
r-oldrel-macos-arm64 1.2.0 36.00 NOTE
r-oldrel-windows-x86_64 1.2.0 36.00 87.00 123.00 OK

Check Details

Version: 1.2.0
Check: installed package size
Result: NOTE installed size is 5.4Mb sub-directories of 1Mb or more: doc 2.4Mb extdata 1.2Mb libs 1.6Mb Flavors: r-release-macos-arm64, r-release-macos-x86_64, r-oldrel-macos-arm64