Last updated on 2023-11-29 04:57:27 CET.
Flavor | Version | Tinstall | Tcheck | Ttotal | Status | Flags |
---|---|---|---|---|---|---|
r-devel-linux-x86_64-debian-clang | 1.0 | 2.40 | 29.53 | 31.93 | NOTE | |
r-devel-linux-x86_64-debian-gcc | 1.0 | 1.76 | 22.79 | 24.55 | NOTE | |
r-devel-linux-x86_64-fedora-clang | 1.0 | 42.91 | NOTE | |||
r-devel-linux-x86_64-fedora-gcc | 1.0 | 38.43 | NOTE | |||
r-devel-windows-x86_64 | 1.0 | 3.00 | 52.00 | 55.00 | NOTE | |
r-patched-linux-x86_64 | 1.0 | 5.73 | 28.67 | 34.40 | NOTE | |
r-release-linux-x86_64 | 1.0 | 2.73 | 29.43 | 32.16 | NOTE | |
r-release-macos-arm64 | 1.0 | 20.00 | NOTE | |||
r-release-macos-x86_64 | 1.0 | 28.00 | NOTE | |||
r-release-windows-x86_64 | 1.0 | 4.00 | 49.00 | 53.00 | NOTE | |
r-oldrel-macos-arm64 | 1.0 | 17.00 | NOTE | |||
r-oldrel-macos-x86_64 | 1.0 | 24.00 | NOTE | |||
r-oldrel-windows-x86_64 | 1.0 | 4.00 | 55.00 | 59.00 | NOTE |
Version: 1.0
Check: LazyData
Result: NOTE
'LazyData' is specified without a 'data' directory
Flavors: r-devel-linux-x86_64-debian-clang, r-devel-linux-x86_64-debian-gcc, r-devel-linux-x86_64-fedora-clang, r-devel-linux-x86_64-fedora-gcc, r-devel-windows-x86_64, r-patched-linux-x86_64, r-release-linux-x86_64, r-release-macos-arm64, r-release-macos-x86_64, r-release-windows-x86_64, r-oldrel-macos-arm64, r-oldrel-macos-x86_64, r-oldrel-windows-x86_64