Last updated on 2023-12-04 05:09:12 CET.
Flavor | Version | Tinstall | Tcheck | Ttotal | Status | Flags |
---|---|---|---|---|---|---|
r-devel-linux-x86_64-debian-clang | 1.4.0 | 65.71 | 32.96 | 98.67 | NOTE | |
r-devel-linux-x86_64-debian-gcc | 1.4.0 | 47.77 | 25.01 | 72.78 | NOTE | |
r-devel-linux-x86_64-fedora-clang | 1.4.0 | 156.09 | NOTE | |||
r-devel-linux-x86_64-fedora-gcc | 1.4.0 | 146.74 | NOTE | |||
r-devel-windows-x86_64 | 1.4.0 | 51.00 | 69.00 | 120.00 | NOTE | |
r-patched-linux-x86_64 | 1.4.0 | 52.73 | 31.55 | 84.28 | NOTE | |
r-release-linux-x86_64 | 1.4.0 | 62.00 | 32.33 | 94.33 | NOTE | |
r-release-macos-arm64 | 1.4.0 | 39.00 | NOTE | |||
r-release-macos-x86_64 | 1.4.0 | 70.00 | NOTE | |||
r-release-windows-x86_64 | 1.4.0 | 66.00 | 78.00 | 144.00 | NOTE | |
r-oldrel-macos-arm64 | 1.4.0 | 48.00 | OK | |||
r-oldrel-macos-x86_64 | 1.4.0 | 48.00 | OK | |||
r-oldrel-windows-x86_64 | 1.4.0 | 64.00 | 78.00 | 142.00 | OK |
Version: 1.4.0
Check: C++ specification
Result: NOTE
Specified C++11: please drop specification unless essential
Flavors: r-devel-linux-x86_64-debian-clang, r-devel-linux-x86_64-debian-gcc, r-devel-linux-x86_64-fedora-clang, r-devel-linux-x86_64-fedora-gcc, r-devel-windows-x86_64, r-patched-linux-x86_64, r-release-linux-x86_64, r-release-macos-arm64, r-release-macos-x86_64, r-release-windows-x86_64
Version: 1.4.0
Check: package subdirectories
Result: NOTE
Problems with news in ‘NEWS.md’:
No news entries found.
Flavors: r-devel-linux-x86_64-debian-clang, r-devel-linux-x86_64-debian-gcc, r-devel-linux-x86_64-fedora-clang, r-devel-linux-x86_64-fedora-gcc, r-devel-windows-x86_64, r-patched-linux-x86_64, r-release-linux-x86_64, r-release-macos-arm64, r-release-macos-x86_64, r-release-windows-x86_64