CRAN Package Check Results for Package mipfp

Last updated on 2024-02-23 05:07:25 CET.

Flavor Version Tinstall Tcheck Ttotal Status Flags
r-devel-linux-x86_64-debian-clang 3.2.1 NOTE
r-devel-linux-x86_64-debian-gcc 3.2.1 3.27 29.66 32.93 NOTE
r-devel-linux-x86_64-fedora-clang 3.2.1 53.67 OK
r-devel-linux-x86_64-fedora-gcc 3.2.1 52.39 OK
r-devel-windows-x86_64 3.2.1 5.00 55.00 60.00 OK
r-patched-linux-x86_64 3.2.1 5.00 39.20 44.20 OK
r-release-linux-x86_64 3.2.1 4.04 39.06 43.10 OK
r-release-macos-arm64 3.2.1 21.00 OK
r-release-macos-x86_64 3.2.1 31.00 OK
r-release-windows-x86_64 3.2.1 6.00 58.00 64.00 OK
r-oldrel-macos-arm64 3.2.1 21.00 OK
r-oldrel-windows-x86_64 3.2.1 6.00 61.00 67.00 OK

Check Details

Version: 3.2.1
Check: Rd files
Result: NOTE checkRd: (-1) gof.estimates.Rd:59-62: Lost braces in \itemize; meant \describe ? checkRd: (-1) gof.estimates.Rd:63-66: Lost braces in \itemize; meant \describe ? checkRd: (-1) gof.estimates.Rd:67-70: Lost braces in \itemize; meant \describe ? checkRd: (-1) vcov.mipfp.Rd:63-66: Lost braces in \itemize; meant \describe ? checkRd: (-1) vcov.mipfp.Rd:67-70: Lost braces in \itemize; meant \describe ? checkRd: (-1) vcov.mipfp.Rd:71-74: Lost braces in \itemize; meant \describe ? checkRd: (-1) vcov.mipfp.Rd:75-78: Lost braces in \itemize; meant \describe ? checkRd: (-1) vcov.mipfp.Rd:89-91: Lost braces in \itemize; meant \describe ? checkRd: (-1) vcov.mipfp.Rd:92-95: Lost braces in \itemize; meant \describe ? Flavors: r-devel-linux-x86_64-debian-clang, r-devel-linux-x86_64-debian-gcc