Last updated on 2023-12-07 04:56:29 CET.
Flavor | Version | Tinstall | Tcheck | Ttotal | Status | Flags |
---|---|---|---|---|---|---|
r-devel-linux-x86_64-debian-clang | 0.2 | 13.56 | 108.41 | 121.97 | OK | |
r-devel-linux-x86_64-debian-gcc | 0.2 | 11.36 | 82.58 | 93.94 | OK | |
r-devel-linux-x86_64-fedora-clang | 0.2 | 159.48 | NOTE | |||
r-devel-linux-x86_64-fedora-gcc | 0.2 | 158.02 | NOTE | |||
r-devel-windows-x86_64 | 0.2 | 13.00 | 108.00 | 121.00 | OK | |
r-patched-linux-x86_64 | 0.2 | 9.44 | 104.36 | 113.80 | OK | |
r-release-linux-x86_64 | 0.2 | 11.32 | 105.22 | 116.54 | OK | |
r-release-macos-arm64 | 0.2 | 56.00 | OK | |||
r-release-macos-x86_64 | 0.2 | 84.00 | OK | |||
r-release-windows-x86_64 | 0.2 | 16.00 | 119.00 | 135.00 | OK | |
r-oldrel-macos-arm64 | 0.2 | 45.00 | NOTE | |||
r-oldrel-macos-x86_64 | 0.2 | 79.00 | NOTE | |||
r-oldrel-windows-x86_64 | 0.2 | 18.00 | 130.00 | 148.00 | OK |
Version: 0.2
Check: dependencies in R code
Result: NOTE
Namespaces in Imports field not imported from:
‘markdown’ ‘metafor’
All declared Imports should be used.
Flavors: r-devel-linux-x86_64-fedora-clang, r-devel-linux-x86_64-fedora-gcc, r-oldrel-macos-arm64, r-oldrel-macos-x86_64