Last updated on 2023-12-09 04:50:58 CET.
Flavor | Version | Tinstall | Tcheck | Ttotal | Status | Flags |
---|---|---|---|---|---|---|
r-devel-linux-x86_64-debian-clang | 2.1.6 | 56.60 | 61.88 | 118.48 | NOTE | |
r-devel-linux-x86_64-debian-gcc | 2.1.6 | 36.27 | 45.49 | 81.76 | NOTE | |
r-devel-linux-x86_64-fedora-clang | 2.1.6 | 169.68 | OK | |||
r-devel-linux-x86_64-fedora-gcc | 2.1.6 | 165.68 | OK | |||
r-devel-windows-x86_64 | 2.1.6 | 43.00 | 99.00 | 142.00 | OK | |
r-patched-linux-x86_64 | 2.1.6 | 45.03 | 57.47 | 102.50 | OK | |
r-release-linux-x86_64 | 2.1.6 | 48.82 | 57.34 | 106.16 | OK | |
r-release-macos-arm64 | 2.1.6 | 48.00 | OK | |||
r-release-macos-x86_64 | 2.1.6 | 86.00 | OK | |||
r-release-windows-x86_64 | 2.1.6 | 54.00 | 110.00 | 164.00 | OK | |
r-oldrel-macos-arm64 | 2.1.6 | 47.00 | OK | |||
r-oldrel-macos-x86_64 | 2.1.6 | 66.00 | OK | |||
r-oldrel-windows-x86_64 | 2.1.6 | 49.00 | 105.00 | 154.00 | OK |
Version: 2.1.6
Check: Rd files
Result: NOTE
checkRd: (-1) readFastq.Rd:62: Lost braces
62 | code{\link{readFasta}}.
| ^
Flavors: r-devel-linux-x86_64-debian-clang, r-devel-linux-x86_64-debian-gcc