Last updated on 2023-12-02 04:52:20 CET.
Flavor | Version | Tinstall | Tcheck | Ttotal | Status | Flags |
---|---|---|---|---|---|---|
r-devel-linux-x86_64-debian-clang | 0.0.20 | 53.43 | 531.90 | 585.33 | OK | |
r-devel-linux-x86_64-debian-gcc | 0.0.20 | 38.48 | 395.94 | 434.42 | OK | |
r-devel-linux-x86_64-fedora-clang | 0.0.20 | 727.24 | NOTE | |||
r-devel-linux-x86_64-fedora-gcc | 0.0.20 | 718.72 | NOTE | |||
r-devel-windows-x86_64 | 0.0.20 | 41.00 | 381.00 | 422.00 | OK | |
r-patched-linux-x86_64 | 0.0.20 | 36.33 | 507.87 | 544.20 | OK | |
r-release-linux-x86_64 | 0.0.20 | 37.38 | 507.00 | 544.38 | OK | |
r-release-macos-arm64 | 0.0.20 | 10.00 | ERROR | |||
r-release-macos-x86_64 | 0.0.20 | 11.00 | ERROR | |||
r-release-windows-x86_64 | 0.0.20 | 55.00 | 497.00 | 552.00 | OK | |
r-oldrel-macos-arm64 | 0.0.20 | 158.00 | NOTE | |||
r-oldrel-macos-x86_64 | 0.0.20 | 298.00 | NOTE | |||
r-oldrel-windows-x86_64 | 0.0.20 | 59.00 | 469.00 | 528.00 | OK |
Version: 0.0.20
Check: dependencies in R code
Result: NOTE
Namespace in Imports field not imported from: ‘testthat’
All declared Imports should be used.
Flavors: r-devel-linux-x86_64-fedora-clang, r-devel-linux-x86_64-fedora-gcc, r-oldrel-macos-arm64, r-oldrel-macos-x86_64
Version: 0.0.20
Check: package dependencies
Result: ERROR
Package required but not available: ‘phyloseq’
Package suggested but not available for checking: ‘dada2’
See section ‘The DESCRIPTION file’ in the ‘Writing R Extensions’
manual.
Flavors: r-release-macos-arm64, r-release-macos-x86_64
Version: 0.0.20
Check: package dependencies
Result: NOTE
Package suggested but not available for checking: ‘dada2’
Flavor: r-oldrel-macos-arm64