Last updated on 2023-12-06 04:55:57 CET.
Flavor | Version | Tinstall | Tcheck | Ttotal | Status | Flags |
---|---|---|---|---|---|---|
r-devel-linux-x86_64-debian-clang | 1.0.2 | 7.93 | 81.13 | 89.06 | NOTE | |
r-devel-linux-x86_64-debian-gcc | 1.0.2 | 6.41 | 62.54 | 68.95 | NOTE | |
r-devel-linux-x86_64-fedora-clang | 1.0.2 | 112.50 | OK | |||
r-devel-linux-x86_64-fedora-gcc | 1.0.2 | 108.41 | OK | |||
r-devel-windows-x86_64 | 1.0.2 | 7.00 | 85.00 | 92.00 | OK | |
r-patched-linux-x86_64 | 1.0.2 | 7.44 | 80.98 | 88.42 | OK | |
r-release-linux-x86_64 | 1.0.2 | 7.53 | 80.22 | 87.75 | OK | |
r-release-macos-arm64 | 1.0.2 | 38.00 | OK | |||
r-release-macos-x86_64 | 1.0.2 | 69.00 | OK | |||
r-release-windows-x86_64 | 1.0.2 | 10.00 | 97.00 | 107.00 | OK | |
r-oldrel-macos-arm64 | 1.0.2 | 33.00 | OK | |||
r-oldrel-macos-x86_64 | 1.0.2 | 47.00 | OK | |||
r-oldrel-windows-x86_64 | 1.0.2 | 10.00 | 92.00 | 102.00 | OK |
Version: 1.0.2
Check: Rd files
Result: NOTE
checkRd: (-1) sim.data.Rd:11: Lost braces in \enumerate; meant \describe ?
checkRd: (-1) sim.data.Rd:12: Lost braces in \enumerate; meant \describe ?
checkRd: (-1) sim.data.Rd:13: Lost braces in \enumerate; meant \describe ?
checkRd: (-1) sim.data.Rd:14: Lost braces in \enumerate; meant \describe ?
checkRd: (-1) sim.data.Rd:15: Lost braces in \enumerate; meant \describe ?
checkRd: (-1) sim.data.Rd:16: Lost braces in \enumerate; meant \describe ?
checkRd: (-1) sim.data.Rd:17: Lost braces in \enumerate; meant \describe ?
checkRd: (-1) sim.data.Rd:18: Lost braces in \enumerate; meant \describe ?
checkRd: (-1) sim.data.Rd:19: Lost braces in \enumerate; meant \describe ?
checkRd: (-1) sim.data.Rd:20: Lost braces in \enumerate; meant \describe ?
checkRd: (-1) sim.data.Rd:21: Lost braces in \enumerate; meant \describe ?
checkRd: (-1) sim.data.Rd:22: Lost braces in \enumerate; meant \describe ?
checkRd: (-1) sim.data.Rd:23: Lost braces in \enumerate; meant \describe ?
checkRd: (-1) sim.data.Rd:24: Lost braces in \enumerate; meant \describe ?
checkRd: (-1) sim.data.Rd:25: Lost braces in \enumerate; meant \describe ?
checkRd: (-1) sim.data.Rd:26: Lost braces in \enumerate; meant \describe ?
checkRd: (-1) sim.data.Rd:27: Lost braces in \enumerate; meant \describe ?
Flavors: r-devel-linux-x86_64-debian-clang, r-devel-linux-x86_64-debian-gcc