Last updated on 2023-12-03 04:56:12 CET.
Flavor | Version | Tinstall | Tcheck | Ttotal | Status | Flags |
---|---|---|---|---|---|---|
r-devel-linux-x86_64-debian-clang | 1.3-0 | 14.46 | 138.57 | 153.03 | NOTE | |
r-devel-linux-x86_64-debian-gcc | 1.3-0 | 12.03 | 102.59 | 114.62 | NOTE | |
r-devel-linux-x86_64-fedora-clang | 1.3-0 | 190.69 | NOTE | |||
r-devel-linux-x86_64-fedora-gcc | 1.3-0 | 199.20 | NOTE | |||
r-devel-windows-x86_64 | 1.3-0 | 15.00 | 127.00 | 142.00 | NOTE | |
r-patched-linux-x86_64 | 1.3-0 | 9.55 | 131.76 | 141.31 | NOTE | |
r-release-linux-x86_64 | 1.3-0 | 13.60 | 131.25 | 144.85 | NOTE | |
r-release-macos-arm64 | 1.3-0 | 71.00 | NOTE | |||
r-release-macos-x86_64 | 1.3-0 | 96.00 | NOTE | |||
r-release-windows-x86_64 | 1.3-0 | 20.00 | 150.00 | 170.00 | NOTE | |
r-oldrel-macos-arm64 | 1.3-0 | 54.00 | OK | |||
r-oldrel-macos-x86_64 | 1.3-0 | 75.00 | OK | |||
r-oldrel-windows-x86_64 | 1.3-0 | 18.00 | 147.00 | 165.00 | OK |
Version: 1.3-0
Check: package subdirectories
Result: NOTE
Problems with news in ‘NEWS.md’:
No news entries found.
Flavors: r-devel-linux-x86_64-debian-clang, r-devel-linux-x86_64-debian-gcc, r-devel-linux-x86_64-fedora-clang, r-devel-linux-x86_64-fedora-gcc, r-devel-windows-x86_64, r-patched-linux-x86_64, r-release-linux-x86_64, r-release-macos-arm64, r-release-macos-x86_64, r-release-windows-x86_64