CRAN Package Check Results for Package mgm

Last updated on 2024-05-30 06:08:48 CEST.

Flavor Version Tinstall Tcheck Ttotal Status Flags
r-devel-linux-x86_64-debian-clang 1.2-14 26.10 193.20 219.30 NOTE
r-devel-linux-x86_64-debian-gcc 1.2-14 17.29 141.17 158.46 NOTE
r-devel-linux-x86_64-fedora-clang 1.2-14 271.36 NOTE
r-devel-linux-x86_64-fedora-gcc 1.2-14 266.63 NOTE
r-devel-windows-x86_64 1.2-14 17.00 146.00 163.00 NOTE
r-patched-linux-x86_64 1.2-14 13.48 187.70 201.18 NOTE
r-release-linux-x86_64 1.2-14 14.74 189.33 204.07 NOTE
r-release-macos-arm64 1.2-14 70.00 NOTE
r-release-windows-x86_64 1.2-14 18.00 145.00 163.00 NOTE
r-oldrel-macos-arm64 1.2-14 77.00 OK
r-oldrel-macos-x86_64 1.2-14 168.00 OK
r-oldrel-windows-x86_64 1.2-14 23.00 189.00 212.00 OK

Check Details

Version: 1.2-14
Check: Rd files
Result: NOTE checkRd: (-1) mgm.Rd:75: Lost braces; missing escapes or markup? 75 | If \code{binarySign = TRUE}, a sign for the interaction within binary nodes and between binary and continuous nodes is provided in the output. Note that in this case the two categories of the binary variables have to be coded in {0,1}. This is to ensure that the interpretation of the sign is unambigous: a positive sign of a parameter means that increasing the associated predictor results in a higher probability for category 1. | ^ checkRd: (-1) mvar.Rd:75: Lost braces; missing escapes or markup? 75 | If \code{binarySign = TRUE}, a sign for the interaction within binary nodes and between binary and continuous nodes is provided in the output. Note that in this case the two categories of the binary variables have to be coded in {0,1}. This is to ensure that the interpretation of the sign is unambigous: a positive sign of a parameter means that increasing the associated predictor results in a higher probability for category 1. | ^ Flavors: r-devel-linux-x86_64-debian-clang, r-devel-linux-x86_64-debian-gcc, r-devel-linux-x86_64-fedora-clang, r-devel-linux-x86_64-fedora-gcc, r-devel-windows-x86_64, r-patched-linux-x86_64, r-release-linux-x86_64, r-release-macos-arm64, r-release-windows-x86_64