Last updated on 2023-12-09 04:50:58 CET.
Flavor | Version | Tinstall | Tcheck | Ttotal | Status | Flags |
---|---|---|---|---|---|---|
r-devel-linux-x86_64-debian-clang | 1.1.0 | 3.59 | 136.14 | 139.73 | OK | |
r-devel-linux-x86_64-debian-gcc | 1.1.0 | 3.87 | 94.51 | 98.38 | OK | |
r-devel-linux-x86_64-fedora-clang | 1.1.0 | 176.88 | OK | |||
r-devel-linux-x86_64-fedora-gcc | 1.1.0 | 165.39 | OK | |||
r-devel-windows-x86_64 | 1.1.0 | 5.00 | 104.00 | 109.00 | OK | |
r-patched-linux-x86_64 | 1.1.0 | 8.58 | 132.95 | 141.53 | OK | |
r-release-linux-x86_64 | 1.1.0 | 2.88 | 127.51 | 130.39 | OK | |
r-release-macos-arm64 | 1.1.0 | 42.00 | OK | |||
r-release-macos-x86_64 | 1.1.0 | 61.00 | OK | |||
r-release-windows-x86_64 | 1.1.0 | 6.00 | 131.00 | 137.00 | OK | |
r-oldrel-macos-arm64 | 1.1.0 | 44.00 | OK | |||
r-oldrel-macos-x86_64 | 1.1.0 | 70.00 | ERROR | |||
r-oldrel-windows-x86_64 | 1.1.0 | 6.00 | 127.00 | 133.00 | OK |
Version: 1.1.0
Check: PDF version of manual
Result: WARN
LaTeX errors when creating PDF version.
This typically indicates Rd problems.
LaTeX errors found:
! Undefined control sequence.
<recently read> \mathbb
l.268 ..., a random vector of \eqn{\mathbb{R}^p}{}
(\eqn{p > 1}{}) distribut...
! Undefined control sequence.
<recently read> \mathbb
l.270 ..., a random vector of \eqn{\mathbb{R}^p}{}
distributed according to ...
Flavor: r-oldrel-macos-x86_64
Version: 1.1.0
Check: PDF version of manual without index
Result: ERROR
Flavor: r-oldrel-macos-x86_64