CRAN Package Check Results for Package mgcViz

Last updated on 2024-07-22 05:49:56 CEST.

Flavor Version Tinstall Tcheck Ttotal Status Flags
r-devel-linux-x86_64-debian-clang 0.1.11 23.31 336.32 359.63 OK
r-devel-linux-x86_64-debian-gcc 0.1.11 18.50 257.59 276.09 NOTE
r-devel-linux-x86_64-fedora-clang 0.1.11 463.14 OK
r-devel-linux-x86_64-fedora-gcc 0.1.11 469.33 OK
r-devel-windows-x86_64 0.1.11 21.00 336.00 357.00 NOTE
r-patched-linux-x86_64 0.1.11 27.63 334.43 362.06 OK
r-release-linux-x86_64 0.1.11 17.57 330.64 348.21 OK
r-release-macos-arm64 0.1.11 124.00 OK
r-release-macos-x86_64 0.1.11 176.00 OK
r-release-windows-x86_64 0.1.11 20.00 335.00 355.00 OK
r-oldrel-macos-arm64 0.1.11 124.00 OK
r-oldrel-macos-x86_64 0.1.11 271.00 OK
r-oldrel-windows-x86_64 0.1.11 27.00 414.00 441.00 OK

Check Details

Version: 0.1.11
Check: Rd cross-references
Result: NOTE Found the following Rd file(s) with Rd \link{} targets missing package anchors: getViz.Rd: predict.gam plot.gamViz.Rd: plot.gam plot.mgamViz.Rd: mqgam postSim.Rd: predict.gam, gaulss, vcov.gam simulate.gam.Rd: predict.gam, gaulss Please provide package anchors for all Rd \link{} targets not in the package itself and the base packages. Flavors: r-devel-linux-x86_64-debian-gcc, r-devel-windows-x86_64