Last updated on 2023-12-09 04:50:58 CET.
Flavor | Version | Tinstall | Tcheck | Ttotal | Status | Flags |
---|---|---|---|---|---|---|
r-devel-linux-x86_64-debian-clang | 0.9.2 | 6.01 | 53.76 | 59.77 | OK | |
r-devel-linux-x86_64-debian-gcc | 0.9.2 | 4.63 | 40.67 | 45.30 | OK | |
r-devel-linux-x86_64-fedora-clang | 0.9.2 | 76.73 | NOTE | |||
r-devel-linux-x86_64-fedora-gcc | 0.9.2 | 68.77 | NOTE | |||
r-devel-windows-x86_64 | 0.9.2 | 7.00 | 70.00 | 77.00 | OK | |
r-patched-linux-x86_64 | 0.9.2 | 6.30 | 52.26 | 58.56 | OK | |
r-release-linux-x86_64 | 0.9.2 | 5.08 | 50.98 | 56.06 | OK | |
r-release-macos-arm64 | 0.9.2 | 33.00 | OK | |||
r-release-macos-x86_64 | 0.9.2 | 56.00 | OK | |||
r-release-windows-x86_64 | 0.9.2 | 8.00 | 77.00 | 85.00 | OK | |
r-oldrel-macos-arm64 | 0.9.2 | 32.00 | OK | |||
r-oldrel-macos-x86_64 | 0.9.1 | 34.00 | NOTE | |||
r-oldrel-windows-x86_64 | 0.9.2 | 8.00 | 69.00 | 77.00 | OK |
Version: 0.9.2
Check: data for non-ASCII characters
Result: NOTE
Note: found 1 marked UTF-8 string
Flavors: r-devel-linux-x86_64-fedora-clang, r-devel-linux-x86_64-fedora-gcc
Version: 0.9.1
Check: data for non-ASCII characters
Result: NOTE
Note: found 1 marked UTF-8 string
Flavor: r-oldrel-macos-x86_64