CRAN Package Check Results for Package metavcov

Last updated on 2024-06-13 05:59:11 CEST.

Flavor Version Tinstall Tcheck Ttotal Status Flags
r-devel-linux-x86_64-debian-clang 2.1.5 8.36 93.28 101.64 OK
r-devel-linux-x86_64-debian-gcc 2.1.5 0.33 1.70 2.03 ERROR
r-devel-linux-x86_64-fedora-clang 2.1.5 125.27 OK
r-devel-linux-x86_64-fedora-gcc 2.1.5 116.43 OK
r-devel-windows-x86_64 2.1.5 8.00 85.00 93.00 OK
r-patched-linux-x86_64 2.1.5 9.12 89.78 98.90 OK
r-release-linux-x86_64 2.1.5 5.26 89.44 94.70 OK
r-release-macos-arm64 2.1.5 31.00 OK
r-release-macos-x86_64 2.1.5 69.00 OK
r-release-windows-x86_64 2.1.5 9.00 84.00 93.00 OK
r-oldrel-macos-arm64 2.1.5 32.00 OK
r-oldrel-macos-x86_64 2.1.5 73.00 OK
r-oldrel-windows-x86_64 2.1.5 10.00 100.00 110.00 OK

Check Details

Version: 2.1.5
Check: package dependencies
Result: ERROR Package required but not available: ‘ggplot2’ Package suggested but not available for checking: ‘mice’ See section ‘The DESCRIPTION file’ in the ‘Writing R Extensions’ manual. Flavor: r-devel-linux-x86_64-debian-gcc