CRAN Package Check Results for Package metamicrobiomeR

Last updated on 2023-12-07 04:56:28 CET.

Flavor Version Tinstall Tcheck Ttotal Status Flags
r-devel-linux-x86_64-debian-clang 1.2 15.46 191.22 206.68 OK
r-devel-linux-x86_64-debian-gcc 1.2 11.92 141.09 153.01 OK
r-devel-linux-x86_64-fedora-clang 1.2 252.26 NOTE
r-devel-linux-x86_64-fedora-gcc 1.2 258.09 NOTE
r-devel-windows-x86_64 1.2 14.00 149.00 163.00 OK
r-patched-linux-x86_64 1.2 10.72 184.09 194.81 OK
r-release-linux-x86_64 1.2 13.00 181.35 194.35 OK
r-release-macos-arm64 1.2 90.00 OK
r-release-macos-x86_64 1.2 125.00 NOTE
r-release-windows-x86_64 1.2 17.00 187.00 204.00 OK
r-oldrel-macos-arm64 1.2 72.00 NOTE
r-oldrel-macos-x86_64 1.2 120.00 NOTE
r-oldrel-windows-x86_64 1.2 18.00 185.00 203.00 OK

Check Details

Version: 1.2
Check: dependencies in R code
Result: NOTE Namespace in Imports field not imported from: ‘lmerTest’ All declared Imports should be used. Flavors: r-devel-linux-x86_64-fedora-clang, r-devel-linux-x86_64-fedora-gcc, r-oldrel-macos-arm64, r-oldrel-macos-x86_64

Version: 1.2
Check: package dependencies
Result: NOTE Package suggested but not available for checking: ‘caret’ Flavor: r-release-macos-x86_64