CRAN Package Check Results for Package metagear

Last updated on 2024-06-14 05:58:29 CEST.

Flavor Version Tinstall Tcheck Ttotal Status Flags
r-devel-linux-x86_64-debian-clang 0.7 15.34 134.75 150.09 OK
r-devel-linux-x86_64-debian-gcc 0.7 0.50 1.77 2.27 ERROR
r-devel-linux-x86_64-fedora-clang 0.7 188.30 OK
r-devel-linux-x86_64-fedora-gcc 0.7 191.57 OK
r-devel-windows-x86_64 0.7 12.00 104.00 116.00 OK
r-patched-linux-x86_64 0.7 17.33 136.36 153.69 OK
r-release-linux-x86_64 0.7 15.37 133.23 148.60 OK
r-release-macos-arm64 0.7 75.00 OK
r-release-macos-x86_64 0.7 94.00 OK
r-release-windows-x86_64 0.7 13.00 104.00 117.00 OK
r-oldrel-macos-arm64 0.7 57.00 OK
r-oldrel-macos-x86_64 0.7 123.00 OK
r-oldrel-windows-x86_64 0.7 17.00 121.00 138.00 OK

Check Details

Version: 0.7
Check: package dependencies
Result: ERROR Package required but not available: ‘stringr’ Package suggested but not available for checking: ‘testthat’ See section ‘The DESCRIPTION file’ in the ‘Writing R Extensions’ manual. Flavor: r-devel-linux-x86_64-debian-gcc