CRAN Package Check Results for Package metafuse

Last updated on 2024-02-26 04:49:32 CET.

Flavor Version Tinstall Tcheck Ttotal Status Flags
r-devel-linux-x86_64-debian-clang 2.0-1 7.80 80.88 88.68 NOTE
r-devel-linux-x86_64-debian-gcc 2.0-1 7.61 61.24 68.85 NOTE
r-devel-linux-x86_64-fedora-clang 2.0-1 107.61 OK
r-devel-linux-x86_64-fedora-gcc 2.0-1 106.19 OK
r-devel-windows-x86_64 2.0-1 8.00 75.00 83.00 OK
r-patched-linux-x86_64 2.0-1 8.05 79.16 87.21 OK
r-release-linux-x86_64 2.0-1 6.03 79.34 85.37 OK
r-release-macos-arm64 2.0-1 37.00 OK
r-release-macos-x86_64 2.0-1 59.00 OK
r-release-windows-x86_64 2.0-1 10.00 88.00 98.00 OK
r-oldrel-macos-arm64 2.0-1 16.00 OK
r-oldrel-windows-x86_64 2.0-1 11.00 91.00 102.00 OK

Check Details

Version: 2.0-1
Check: Rd files
Result: NOTE checkRd: (-1) datagenerator.Rd:17: Lost braces; missing escapes or markup? 17 | Returns data frame with \code{n*K} rows (if \code{n} is a scalar), or \code{sum(n)} rows (if \code{n} is a \code{K}-element vector). The data frame contains columns "y", "x1", \dots, "x_{p-1}" and "group" if \code{family="gaussian"}, \code{"binomial"} or \code{"poisson"}; or contains columns "time", "status", "x1", \dots, "x_{p-1}" and "group" if \code{family="cox"}. | ^ checkRd: (-1) datagenerator.Rd:17: Lost braces; missing escapes or markup? 17 | Returns data frame with \code{n*K} rows (if \code{n} is a scalar), or \code{sum(n)} rows (if \code{n} is a \code{K}-element vector). The data frame contains columns "y", "x1", \dots, "x_{p-1}" and "group" if \code{family="gaussian"}, \code{"binomial"} or \code{"poisson"}; or contains columns "time", "status", "x1", \dots, "x_{p-1}" and "group" if \code{family="cox"}. | ^ Flavors: r-devel-linux-x86_64-debian-clang, r-devel-linux-x86_64-debian-gcc