Last updated on 2023-12-03 04:56:12 CET.
Flavor | Version | Tinstall | Tcheck | Ttotal | Status | Flags |
---|---|---|---|---|---|---|
r-devel-linux-x86_64-debian-clang | 0.1.3 | 11.28 | 162.30 | 173.58 | NOTE | |
r-devel-linux-x86_64-debian-gcc | 0.1.3 | 11.29 | 118.61 | 129.90 | NOTE | |
r-devel-linux-x86_64-fedora-clang | 0.1.3 | 221.49 | NOTE | |||
r-devel-linux-x86_64-fedora-gcc | 0.1.3 | 230.90 | NOTE | |||
r-devel-windows-x86_64 | 0.1.3 | 13.00 | 135.00 | 148.00 | NOTE | |
r-patched-linux-x86_64 | 0.1.3 | 10.92 | 150.93 | 161.85 | OK | |
r-release-linux-x86_64 | 0.1.3 | 14.23 | 153.05 | 167.28 | OK | |
r-release-macos-arm64 | 0.1.3 | 75.00 | OK | |||
r-release-macos-x86_64 | 0.1.3 | 105.00 | OK | |||
r-release-windows-x86_64 | 0.1.3 | 16.00 | 172.00 | 188.00 | OK | |
r-oldrel-macos-arm64 | 0.1.3 | 61.00 | OK | |||
r-oldrel-macos-x86_64 | 0.1.3 | 108.00 | OK | |||
r-oldrel-windows-x86_64 | 0.1.3 | 18.00 | 168.00 | 186.00 | OK |
Version: 0.1.3
Check: Rd \usage sections
Result: NOTE
Documented arguments not in \usage in Rd file 'ClusterMF-deprecated.Rd':
‘formula’ ‘data’ ‘vi’ ‘study’ ‘whichweights’ ‘num.trees’ ‘mtry’
‘method’ ‘tau2’
Functions with \usage entries need to have the appropriate \alias
entries, and all their arguments documented.
The \usage entries must correspond to syntactically valid R code.
See chapter ‘Writing R documentation files’ in the ‘Writing R
Extensions’ manual.
Flavors: r-devel-linux-x86_64-debian-clang, r-devel-linux-x86_64-debian-gcc, r-devel-linux-x86_64-fedora-clang, r-devel-linux-x86_64-fedora-gcc, r-devel-windows-x86_64