Last updated on 2023-11-28 04:57:24 CET.
Flavor | Version | Tinstall | Tcheck | Ttotal | Status | Flags |
---|---|---|---|---|---|---|
r-devel-linux-x86_64-debian-clang | 0.2.3 | 430.57 | 193.59 | 624.16 | NOTE | |
r-devel-linux-x86_64-debian-gcc | 0.2.3 | 301.88 | 189.22 | 491.10 | NOTE | |
r-devel-linux-x86_64-fedora-clang | 0.2.3 | 951.28 | NOTE | |||
r-devel-linux-x86_64-fedora-gcc | 0.2.3 | 956.97 | NOTE | |||
r-devel-windows-x86_64 | 0.2.3 | 314.00 | 145.00 | 459.00 | NOTE | |
r-patched-linux-x86_64 | 0.2.3 | 365.86 | 191.09 | 556.95 | NOTE | |
r-release-linux-x86_64 | 0.2.3 | 371.56 | 197.91 | 569.47 | NOTE | |
r-release-macos-arm64 | 0.2.3 | 215.00 | NOTE | |||
r-release-macos-x86_64 | 0.2.3 | 308.00 | NOTE | |||
r-release-windows-x86_64 | 0.2.3 | 426.00 | 174.00 | 600.00 | NOTE | |
r-oldrel-macos-arm64 | 0.2.3 | 164.00 | NOTE | |||
r-oldrel-macos-x86_64 | 0.2.3 | 230.00 | NOTE | |||
r-oldrel-windows-x86_64 | 0.2.3 | 387.00 | 171.00 | 558.00 | OK |
Version: 0.2.3
Check: C++ specification
Result: NOTE
Specified C++11: please drop specification unless essential
Flavors: r-devel-linux-x86_64-debian-clang, r-devel-linux-x86_64-debian-gcc, r-devel-linux-x86_64-fedora-clang, r-devel-linux-x86_64-fedora-gcc, r-devel-windows-x86_64, r-patched-linux-x86_64, r-release-linux-x86_64, r-release-macos-arm64, r-release-macos-x86_64, r-release-windows-x86_64
Version: 0.2.3
Check: installed package size
Result: NOTE
installed size is 22.2Mb
sub-directories of 1Mb or more:
libs 21.1Mb
Flavors: r-release-macos-arm64, r-release-macos-x86_64, r-oldrel-macos-arm64, r-oldrel-macos-x86_64