Last updated on 2023-12-09 04:50:58 CET.
Flavor | Version | Tinstall | Tcheck | Ttotal | Status | Flags |
---|---|---|---|---|---|---|
r-devel-linux-x86_64-debian-clang | 0.99.31.6 | 38.91 | 193.42 | 232.33 | WARN | |
r-devel-linux-x86_64-debian-gcc | 0.99.31.6 | 30.05 | 139.36 | 169.41 | OK | |
r-devel-linux-x86_64-fedora-clang | 0.99.31.6 | 283.39 | WARN | |||
r-devel-linux-x86_64-fedora-gcc | 0.99.31.6 | 281.76 | OK | |||
r-devel-windows-x86_64 | 0.99.31.6 | 37.00 | 160.00 | 197.00 | NOTE | |
r-patched-linux-x86_64 | 0.99.31.6 | 43.17 | 180.91 | 224.08 | OK | |
r-release-linux-x86_64 | 0.99.31.6 | 33.14 | 177.11 | 210.25 | OK | |
r-release-macos-arm64 | 0.99.31.6 | 78.00 | NOTE | |||
r-release-macos-x86_64 | 0.99.31.6 | 141.00 | NOTE | |||
r-release-windows-x86_64 | 0.99.31.6 | 44.00 | 202.00 | 246.00 | NOTE | |
r-oldrel-macos-arm64 | 0.99.31.6 | 67.00 | NOTE | |||
r-oldrel-macos-x86_64 | 0.99.31.6 | 93.00 | NOTE | |||
r-oldrel-windows-x86_64 | 0.99.31.6 | 46.00 | 194.00 | 240.00 | NOTE |
Version: 0.99.31.6
Check: whether package can be installed
Result: WARN
Found the following significant warnings:
dta-for-R.c:516:11: warning: format string is not a string literal (potentially insecure) [-Wformat-security]
See ‘/home/hornik/tmp/R.check/r-devel-clang/Work/PKGS/memisc.Rcheck/00install.out’ for details.
* used C compiler: ‘Debian clang version 17.0.5 (1)’
Flavor: r-devel-linux-x86_64-debian-clang
Version: 0.99.31.6
Check: whether package can be installed
Result: WARN
Found the following significant warnings:
dta-for-R.c:516:11: warning: format string is not a string literal (potentially insecure) [-Wformat-security]
See ‘/data/gannet/ripley/R/packages/tests-clang/memisc.Rcheck/00install.out’ for details.
* used C compiler: ‘clang version 17.0.5’
Flavor: r-devel-linux-x86_64-fedora-clang
Version: 0.99.31.6
Check: installed package size
Result: NOTE
installed size is 5.3Mb
sub-directories of 1Mb or more:
R 1.4Mb
doc 3.1Mb
Flavors: r-devel-linux-x86_64-fedora-clang, r-devel-windows-x86_64, r-release-macos-arm64, r-release-macos-x86_64, r-release-windows-x86_64, r-oldrel-macos-arm64, r-oldrel-macos-x86_64, r-oldrel-windows-x86_64