Last updated on 2023-11-30 04:52:57 CET.
Flavor | Version | Tinstall | Tcheck | Ttotal | Status | Flags |
---|---|---|---|---|---|---|
r-devel-linux-x86_64-debian-clang | 1.0.1 | 48.97 | 53.34 | 102.31 | NOTE | |
r-devel-linux-x86_64-debian-gcc | 1.0.1 | 33.10 | 39.69 | 72.79 | NOTE | |
r-devel-linux-x86_64-fedora-clang | 1.0.1 | 148.19 | NOTE | |||
r-devel-linux-x86_64-fedora-gcc | 1.0.1 | 135.65 | NOTE | |||
r-devel-windows-x86_64 | 1.0.1 | 40.00 | 78.00 | 118.00 | WARN | |
r-patched-linux-x86_64 | 1.0.1 | 39.81 | 49.83 | 89.64 | NOTE | |
r-release-linux-x86_64 | 1.0.1 | 39.52 | 49.48 | 89.00 | NOTE | |
r-release-macos-arm64 | 1.0.1 | 52.00 | NOTE | |||
r-release-macos-x86_64 | 1.0.1 | 80.00 | NOTE | |||
r-release-windows-x86_64 | 1.0.1 | 52.00 | 88.00 | 140.00 | NOTE | |
r-oldrel-macos-arm64 | 1.0.1 | 48.00 | OK | |||
r-oldrel-macos-x86_64 | 1.0.1 | 62.00 | OK | |||
r-oldrel-windows-x86_64 | 1.0.1 | 51.00 | 85.00 | 136.00 | OK |
Version: 1.0.1
Check: C++ specification
Result: NOTE
Specified C++11: please drop specification unless essential
Flavors: r-devel-linux-x86_64-debian-clang, r-devel-linux-x86_64-debian-gcc, r-devel-linux-x86_64-fedora-clang, r-devel-linux-x86_64-fedora-gcc, r-devel-windows-x86_64, r-patched-linux-x86_64, r-release-linux-x86_64, r-release-macos-arm64, r-release-macos-x86_64, r-release-windows-x86_64
Version: 1.0.1
Check: whether package can be installed
Result: WARN
Found the following significant warnings:
unicode_fopen.h:37:52: warning: conversion lacks type at end of format [-Wformat=]
unicode_fopen.h:37:14: warning: too many arguments for format [-Wformat-extra-args]
unicode_fopen.h:59:52: warning: conversion lacks type at end of format [-Wformat=]
unicode_fopen.h:59:14: warning: too many arguments for format [-Wformat-extra-args]
See 'd:/Rcompile/CRANpkg/local/4.4/meltr.Rcheck/00install.out' for details.
* used C++ compiler: 'g++.exe (GCC) 12.3.0'
Flavor: r-devel-windows-x86_64